{"id":10147,"date":"2019-11-26T17:09:10","date_gmt":"2019-11-26T16:09:10","guid":{"rendered":"https:\/\/dev.tafeldeko.de\/news\/?page_id=10147"},"modified":"2020-06-15T08:44:39","modified_gmt":"2020-06-15T07:44:39","slug":"kerzen-lichter-fuer-eine-gemuetliche-atmosphaere","status":"publish","type":"page","link":"https:\/\/www.tafeldeko.de\/news\/kerzen-lichter-fuer-eine-gemuetliche-atmosphaere\/","title":{"rendered":"Kerzen &#038; Lichter f\u00fcr eine gem\u00fctliche Atmosph\u00e4re"},"content":{"rendered":"","protected":false},"excerpt":{"rendered":"","protected":false},"author":10,"featured_media":0,"parent":10138,"menu_order":0,"comment_status":"closed","ping_status":"closed","template":"","meta":{"footnotes":""},"yoast_head":"<!-- This site is optimized with the Yoast SEO plugin v20.4 - https:\/\/yoast.com\/wordpress\/plugins\/seo\/ -->\n<title>Kerzen &amp; Lichter f\u00fcr eine gem\u00fctliche Atmosph\u00e4re - Tafeldeko<\/title>\n<meta name=\"robots\" content=\"noindex, follow\" \/>\n<meta property=\"og:locale\" content=\"de_DE\" \/>\n<meta property=\"og:type\" content=\"article\" \/>\n<meta property=\"og:title\" content=\"Kerzen &amp; Lichter f\u00fcr eine gem\u00fctliche Atmosph\u00e4re - Tafeldeko\" \/>\n<meta property=\"og:url\" content=\"https:\/\/www.tafeldeko.de\/news\/kerzen-lichter-fuer-eine-gemuetliche-atmosphaere\/\" \/>\n<meta property=\"og:site_name\" content=\"Tafeldeko\" \/>\n<meta property=\"article:publisher\" content=\"https:\/\/www.facebook.com\/pages\/Tafeldeko-einzigartige-Tischdekoration\/174202655894\" \/>\n<meta property=\"article:modified_time\" content=\"2020-06-15T07:44:39+00:00\" \/>\n<script type=\"application\/ld+json\" class=\"yoast-schema-graph\">{\"@context\":\"https:\/\/schema.org\",\"@graph\":[{\"@type\":\"WebPage\",\"@id\":\"https:\/\/www.tafeldeko.de\/news\/kerzen-lichter-fuer-eine-gemuetliche-atmosphaere\/\",\"url\":\"https:\/\/www.tafeldeko.de\/news\/kerzen-lichter-fuer-eine-gemuetliche-atmosphaere\/\",\"name\":\"Kerzen & Lichter f\u00fcr eine gem\u00fctliche Atmosph\u00e4re - Tafeldeko\",\"isPartOf\":{\"@id\":\"https:\/\/www.tafeldeko.de\/news\/#website\"},\"datePublished\":\"2019-11-26T16:09:10+00:00\",\"dateModified\":\"2020-06-15T07:44:39+00:00\",\"breadcrumb\":{\"@id\":\"https:\/\/www.tafeldeko.de\/news\/kerzen-lichter-fuer-eine-gemuetliche-atmosphaere\/#breadcrumb\"},\"inLanguage\":\"de-DE\",\"potentialAction\":[{\"@type\":\"ReadAction\",\"target\":[\"https:\/\/www.tafeldeko.de\/news\/kerzen-lichter-fuer-eine-gemuetliche-atmosphaere\/\"]}]},{\"@type\":\"BreadcrumbList\",\"@id\":\"https:\/\/www.tafeldeko.de\/news\/kerzen-lichter-fuer-eine-gemuetliche-atmosphaere\/#breadcrumb\",\"itemListElement\":[{\"@type\":\"ListItem\",\"position\":1,\"name\":\"Tafeldeko\",\"item\":\"https:\/\/www.tafeldeko.de\/news\/\"},{\"@type\":\"ListItem\",\"position\":2,\"name\":\"Tischdeko-Welt\",\"item\":\"https:\/\/www.tafeldeko.de\/news\/tischdeko-welt\/\"},{\"@type\":\"ListItem\",\"position\":3,\"name\":\"Kerzen &#038; Lichter f\u00fcr eine gem\u00fctliche Atmosph\u00e4re\"}]},{\"@type\":\"WebSite\",\"@id\":\"https:\/\/www.tafeldeko.de\/news\/#website\",\"url\":\"https:\/\/www.tafeldeko.de\/news\/\",\"name\":\"Tafeldeko\",\"description\":\"Blog mit Tischdeko und Tischdekoration Ideen\",\"potentialAction\":[{\"@type\":\"SearchAction\",\"target\":{\"@type\":\"EntryPoint\",\"urlTemplate\":\"https:\/\/www.tafeldeko.de\/news\/?s={search_term_string}\"},\"query-input\":\"required name=search_term_string\"}],\"inLanguage\":\"de-DE\"}]}<\/script>\n<!-- \/ Yoast SEO plugin. -->","yoast_head_json":{"title":"Kerzen & Lichter f\u00fcr eine gem\u00fctliche Atmosph\u00e4re - Tafeldeko","robots":{"index":"noindex","follow":"follow"},"og_locale":"de_DE","og_type":"article","og_title":"Kerzen & Lichter f\u00fcr eine gem\u00fctliche Atmosph\u00e4re - Tafeldeko","og_url":"https:\/\/www.tafeldeko.de\/news\/kerzen-lichter-fuer-eine-gemuetliche-atmosphaere\/","og_site_name":"Tafeldeko","article_publisher":"https:\/\/www.facebook.com\/pages\/Tafeldeko-einzigartige-Tischdekoration\/174202655894","article_modified_time":"2020-06-15T07:44:39+00:00","schema":{"@context":"https:\/\/schema.org","@graph":[{"@type":"WebPage","@id":"https:\/\/www.tafeldeko.de\/news\/kerzen-lichter-fuer-eine-gemuetliche-atmosphaere\/","url":"https:\/\/www.tafeldeko.de\/news\/kerzen-lichter-fuer-eine-gemuetliche-atmosphaere\/","name":"Kerzen & Lichter f\u00fcr eine gem\u00fctliche Atmosph\u00e4re - Tafeldeko","isPartOf":{"@id":"https:\/\/www.tafeldeko.de\/news\/#website"},"datePublished":"2019-11-26T16:09:10+00:00","dateModified":"2020-06-15T07:44:39+00:00","breadcrumb":{"@id":"https:\/\/www.tafeldeko.de\/news\/kerzen-lichter-fuer-eine-gemuetliche-atmosphaere\/#breadcrumb"},"inLanguage":"de-DE","potentialAction":[{"@type":"ReadAction","target":["https:\/\/www.tafeldeko.de\/news\/kerzen-lichter-fuer-eine-gemuetliche-atmosphaere\/"]}]},{"@type":"BreadcrumbList","@id":"https:\/\/www.tafeldeko.de\/news\/kerzen-lichter-fuer-eine-gemuetliche-atmosphaere\/#breadcrumb","itemListElement":[{"@type":"ListItem","position":1,"name":"Tafeldeko","item":"https:\/\/www.tafeldeko.de\/news\/"},{"@type":"ListItem","position":2,"name":"Tischdeko-Welt","item":"https:\/\/www.tafeldeko.de\/news\/tischdeko-welt\/"},{"@type":"ListItem","position":3,"name":"Kerzen &#038; Lichter f\u00fcr eine gem\u00fctliche Atmosph\u00e4re"}]},{"@type":"WebSite","@id":"https:\/\/www.tafeldeko.de\/news\/#website","url":"https:\/\/www.tafeldeko.de\/news\/","name":"Tafeldeko","description":"Blog mit Tischdeko und Tischdekoration Ideen","potentialAction":[{"@type":"SearchAction","target":{"@type":"EntryPoint","urlTemplate":"https:\/\/www.tafeldeko.de\/news\/?s={search_term_string}"},"query-input":"required name=search_term_string"}],"inLanguage":"de-DE"}]}},"_links":{"self":[{"href":"https:\/\/www.tafeldeko.de\/news\/wp-json\/wp\/v2\/pages\/10147"}],"collection":[{"href":"https:\/\/www.tafeldeko.de\/news\/wp-json\/wp\/v2\/pages"}],"about":[{"href":"https:\/\/www.tafeldeko.de\/news\/wp-json\/wp\/v2\/types\/page"}],"author":[{"embeddable":true,"href":"https:\/\/www.tafeldeko.de\/news\/wp-json\/wp\/v2\/users\/10"}],"replies":[{"embeddable":true,"href":"https:\/\/www.tafeldeko.de\/news\/wp-json\/wp\/v2\/comments?post=10147"}],"version-history":[{"count":6,"href":"https:\/\/www.tafeldeko.de\/news\/wp-json\/wp\/v2\/pages\/10147\/revisions"}],"predecessor-version":[{"id":11625,"href":"https:\/\/www.tafeldeko.de\/news\/wp-json\/wp\/v2\/pages\/10147\/revisions\/11625"}],"up":[{"embeddable":true,"href":"https:\/\/www.tafeldeko.de\/news\/wp-json\/wp\/v2\/pages\/10138"}],"wp:attachment":[{"href":"https:\/\/www.tafeldeko.de\/news\/wp-json\/wp\/v2\/media?parent=10147"}],"curies":[{"name":"wp","href":"https:\/\/api.w.org\/{rel}","templated":true}]}}

Kerzen &#038; Lichter für eine gemütliche Atmosphäre

<!-- This site is optimized with the Yoast SEO plugin v20.4 - https://yoast.com/wordpress/plugins/seo/ -->
<title>Kerzen &amp; Lichter für eine gemütliche Atmosphäre - Tafeldeko</title>
<meta name="robots" content="noindex, follow" />
<meta property="og:locale" content="de_DE" />
<meta property="og:type" content="article" />
<meta property="og:title" content="Kerzen &amp; Lichter für eine gemütliche Atmosphäre - Tafeldeko" />
<meta property="og:url" content="https://www.tafeldeko.de/news/kerzen-lichter-fuer-eine-gemuetliche-atmosphaere/" />
<meta property="og:site_name" content="Tafeldeko" />
<meta property="article:publisher" content="https://www.facebook.com/pages/Tafeldeko-einzigartige-Tischdekoration/174202655894" />
<meta property="article:modified_time" content="2020-06-15T07:44:39+00:00" />
<script type="application/ld+json" class="yoast-schema-graph">{"@context":"https://schema.org","@graph":[{"@type":"WebPage","@id":"https://www.tafeldeko.de/news/kerzen-lichter-fuer-eine-gemuetliche-atmosphaere/","url":"https://www.tafeldeko.de/news/kerzen-lichter-fuer-eine-gemuetliche-atmosphaere/","name":"Kerzen & Lichter für eine gemütliche Atmosphäre - Tafeldeko","isPartOf":{"@id":"https://www.tafeldeko.de/news/#website"},"datePublished":"2019-11-26T16:09:10+00:00","dateModified":"2020-06-15T07:44:39+00:00","breadcrumb":{"@id":"https://www.tafeldeko.de/news/kerzen-lichter-fuer-eine-gemuetliche-atmosphaere/#breadcrumb"},"inLanguage":"de-DE","potentialAction":[{"@type":"ReadAction","target":["https://www.tafeldeko.de/news/kerzen-lichter-fuer-eine-gemuetliche-atmosphaere/"]}]},{"@type":"BreadcrumbList","@id":"https://www.tafeldeko.de/news/kerzen-lichter-fuer-eine-gemuetliche-atmosphaere/#breadcrumb","itemListElement":[{"@type":"ListItem","position":1,"name":"Tafeldeko","item":"https://www.tafeldeko.de/news/"},{"@type":"ListItem","position":2,"name":"Tischdeko-Welt","item":"https://www.tafeldeko.de/news/tischdeko-welt/"},{"@type":"ListItem","position":3,"name":"Kerzen &#038; Lichter für eine gemütliche Atmosphäre"}]},{"@type":"WebSite","@id":"https://www.tafeldeko.de/news/#website","url":"https://www.tafeldeko.de/news/","name":"Tafeldeko","description":"Blog mit Tischdeko und Tischdekoration Ideen","potentialAction":[{"@type":"SearchAction","target":{"@type":"EntryPoint","urlTemplate":"https://www.tafeldeko.de/news/?s={search_term_string}"},"query-input":"required name=search_term_string"}],"inLanguage":"de-DE"}]}</script>
<!-- / Yoast SEO plugin. -->

Kerzen & Lichter für eine gemütliche Atmosphäre - Tafeldeko
