{"version":"1.0","provider_name":"Tafeldeko","provider_url":"https:\/\/www.tafeldeko.de\/news","author_name":"Christiane Stein","author_url":"https:\/\/www.tafeldeko.de\/news\/author\/schnurchristian\/","title":"Wundersch\u00f6ne Naturdeko zu Weihnachten - Tafeldeko","type":"rich","width":600,"height":338,"html":"<blockquote class=\"wp-embedded-content\" data-secret=\"JaZdZ7fQaW\"><a href=\"https:\/\/www.tafeldeko.de\/news\/wunderschoene-naturdeko-zu-weihnachten\/\">Wundersch\u00f6ne Naturdeko zu Weihnachten<\/a><\/blockquote><iframe sandbox=\"allow-scripts\" security=\"restricted\" src=\"https:\/\/www.tafeldeko.de\/news\/wunderschoene-naturdeko-zu-weihnachten\/embed\/#?secret=JaZdZ7fQaW\" width=\"600\" height=\"338\" title=\"&#8222;Wundersch\u00f6ne Naturdeko zu Weihnachten&#8220; &#8212; Tafeldeko\" data-secret=\"JaZdZ7fQaW\" frameborder=\"0\" marginwidth=\"0\" marginheight=\"0\" scrolling=\"no\" class=\"wp-embedded-content\"><\/iframe><script>\n\/*! This file is auto-generated *\/\n!function(c,d){\"use strict\";var e=!1,o=!1;if(d.querySelector)if(c.addEventListener)e=!0;if(c.wp=c.wp||{},c.wp.receiveEmbedMessage);else if(c.wp.receiveEmbedMessage=function(e){var t=e.data;if(!t);else if(!(t.secret||t.message||t.value));else if(\/[^a-zA-Z0-9]\/.test(t.secret));else{for(var r,s,a,i=d.querySelectorAll('iframe[data-secret=\"'+t.secret+'\"]'),n=d.querySelectorAll('blockquote[data-secret=\"'+t.secret+'\"]'),o=new RegExp(\"^https?:$\",\"i\"),l=0;l<n.length;l++)n[l].style.display=\"none\";for(l=0;l<i.length;l++)if(r=i[l],e.source!==r.contentWindow);else{if(r.removeAttribute(\"style\"),\"height\"===t.message){if(1e3<(s=parseInt(t.value,10)))s=1e3;else if(~~s<200)s=200;r.height=s}if(\"link\"===t.message)if(s=d.createElement(\"a\"),a=d.createElement(\"a\"),s.href=r.getAttribute(\"src\"),a.href=t.value,!o.test(a.protocol));else if(a.host===s.host)if(d.activeElement===r)c.top.location.href=t.value}}},e)c.addEventListener(\"message\",c.wp.receiveEmbedMessage,!1),d.addEventListener(\"DOMContentLoaded\",t,!1),c.addEventListener(\"load\",t,!1);function t(){if(o);else{o=!0;for(var e,t,r,s=-1!==navigator.appVersion.indexOf(\"MSIE 10\"),a=!!navigator.userAgent.match(\/Trident.*rv:11\\.\/),i=d.querySelectorAll(\"iframe.wp-embedded-content\"),n=0;n<i.length;n++){if(!(r=(t=i[n]).getAttribute(\"data-secret\")))r=Math.random().toString(36).substr(2,10),t.src+=\"#?secret=\"+r,t.setAttribute(\"data-secret\",r);if(s||a)(e=t.cloneNode(!0)).removeAttribute(\"security\"),t.parentNode.replaceChild(e,t);t.contentWindow.postMessage({message:\"ready\",secret:r},\"*\")}}}}(window,document);\n<\/script>\n","description":"So schnell geht die Zeit vor\u00fcber und bald steht wieder Weihnachten vor der T\u00fcr. In den Superm\u00e4rkten zeigen sich bereits die ersten Weihnachtsboten. Nikol\u00e4use, Weihnachtsm\u00e4nner, Lebkuchen und andere Leckereien f\u00fcllen die Regale und bald, einige Zeit nach Halloween werden auch wieder die weihnachtlichen Kl\u00e4nge in den Gesch\u00e4ften zu h\u00f6ren sein.  Mit der Weihnachtszeit ziehen auch die verschiedenen weihnachtlichen Dekorationen einher.  Welche Trends gibt es in diesem Jahr an Weihnachten zu verzeichnen?  Welches sind die Klassiker unter den weihnachtlichen Dekorationen?  Rot d\u00fcrfte wohl der unumstrittene Klassiker unter den Weihnachtsdekorationen sein. In Kombination mit gr\u00fcn, beispielsweise in Form von Adventskr\u00e4nzen und Tannenb\u00e4umen wirkt diese Farbe auch sehr sch\u00f6n und ausdrucksstark.  Auch Gold- und Silber-Dekorationen haben Jahr f\u00fcr Jahr Bestand. Als Weihnachtskugeln, Schalen, Teller und weihnachtliche Accessoires leuchten die gold- und silberfarbenen Weihnachts-Elemente."}

Wunderschöne Naturdeko zu Weihnachten - Tafeldeko

<blockquote class="wp-embedded-content" data-secret="JaZdZ7fQaW"><a href="https://www.tafeldeko.de/news/wunderschoene-naturdeko-zu-weihnachten/">Wunderschöne Naturdeko zu Weihnachten</a></blockquote><iframe sandbox="allow-scripts" security="restricted" src="https://www.tafeldeko.de/news/wunderschoene-naturdeko-zu-weihnachten/embed/#?secret=JaZdZ7fQaW" width="600" height="338" title="&#8222;Wunderschöne Naturdeko zu Weihnachten&#8220; &#8212; Tafeldeko" data-secret="JaZdZ7fQaW" frameborder="0" marginwidth="0" marginheight="0" scrolling="no" class="wp-embedded-content"></iframe><script>
/*! This file is auto-generated */
!function(c,d){"use strict";var e=!1,o=!1;if(d.querySelector)if(c.addEventListener)e=!0;if(c.wp=c.wp||{},c.wp.receiveEmbedMessage);else if(c.wp.receiveEmbedMessage=function(e){var t=e.data;if(!t);else if(!(t.secret||t.message||t.value));else if(/[^a-zA-Z0-9]/.test(t.secret));else{for(var r,s,a,i=d.querySelectorAll('iframe[data-secret="'+t.secret+'"]'),n=d.querySelectorAll('blockquote[data-secret="'+t.secret+'"]'),o=new RegExp("^https?:$","i"),l=0;l<n.length;l++)n[l].style.display="none";for(l=0;l<i.length;l++)if(r=i[l],e.source!==r.contentWindow);else{if(r.removeAttribute("style"),"height"===t.message){if(1e3<(s=parseInt(t.value,10)))s=1e3;else if(~~s<200)s=200;r.height=s}if("link"===t.message)if(s=d.createElement("a"),a=d.createElement("a"),s.href=r.getAttribute("src"),a.href=t.value,!o.test(a.protocol));else if(a.host===s.host)if(d.activeElement===r)c.top.location.href=t.value}}},e)c.addEventListener("message",c.wp.receiveEmbedMessage,!1),d.addEventListener("DOMContentLoaded",t,!1),c.addEventListener("load",t,!1);function t(){if(o);else{o=!0;for(var e,t,r,s=-1!==navigator.appVersion.indexOf("MSIE 10"),a=!!navigator.userAgent.match(/Trident.*rv:11\./),i=d.querySelectorAll("iframe.wp-embedded-content"),n=0;n<i.length;n++){if(!(r=(t=i[n]).getAttribute("data-secret")))r=Math.random().toString(36).substr(2,10),t.src+="#?secret="+r,t.setAttribute("data-secret",r);if(s||a)(e=t.cloneNode(!0)).removeAttribute("security"),t.parentNode.replaceChild(e,t);t.contentWindow.postMessage({message:"ready",secret:r},"*")}}}}(window,document);
</script>

So schnell geht die Zeit vorüber und bald steht wieder Weihnachten vor der Tür. In den Supermärkten zeigen sich bereits die ersten Weihnachtsboten. Nikoläuse, Weihnachtsmänner, Lebkuchen und andere Leckereien füllen die Regale und bald, einige Zeit nach Halloween werden auch wieder die weihnachtlichen Klänge in den Geschäften zu hören sein.  Mit der Weihnachtszeit ziehen auch die verschiedenen weihnachtlichen Dekorationen einher.  Welche Trends gibt es in diesem Jahr an Weihnachten zu verzeichnen?  Welches sind die Klassiker unter den weihnachtlichen Dekorationen?  Rot dürfte wohl der unumstrittene Klassiker unter den Weihnachtsdekorationen sein. In Kombination mit grün, beispielsweise in Form von Adventskränzen und Tannenbäumen wirkt diese Farbe auch sehr schön und ausdrucksstark.  Auch Gold- und Silber-Dekorationen haben Jahr für Jahr Bestand. Als Weihnachtskugeln, Schalen, Teller und weihnachtliche Accessoires leuchten die gold- und silberfarbenen Weihnachts-Elemente.
