{"version":"1.0","provider_name":"Tafeldeko","provider_url":"https:\/\/www.tafeldeko.de\/news","author_name":"Christiane Stein","author_url":"https:\/\/www.tafeldeko.de\/news\/author\/schnurchristian\/","title":"Sommerliche Deko f\u00fcr drinnen und drau\u00dfen - Tafeldeko","type":"rich","width":600,"height":338,"html":"<blockquote class=\"wp-embedded-content\" data-secret=\"H7xSk32Ote\"><a href=\"https:\/\/www.tafeldeko.de\/news\/sommerliche-deko-fuer-drinnen-und-draussen\/\">Sommerliche Deko f\u00fcr drinnen und drau\u00dfen<\/a><\/blockquote><iframe sandbox=\"allow-scripts\" security=\"restricted\" src=\"https:\/\/www.tafeldeko.de\/news\/sommerliche-deko-fuer-drinnen-und-draussen\/embed\/#?secret=H7xSk32Ote\" width=\"600\" height=\"338\" title=\"&#8222;Sommerliche Deko f\u00fcr drinnen und drau\u00dfen&#8220; &#8212; Tafeldeko\" data-secret=\"H7xSk32Ote\" frameborder=\"0\" marginwidth=\"0\" marginheight=\"0\" scrolling=\"no\" class=\"wp-embedded-content\"><\/iframe><script>\n\/*! This file is auto-generated *\/\n!function(c,d){\"use strict\";var e=!1,o=!1;if(d.querySelector)if(c.addEventListener)e=!0;if(c.wp=c.wp||{},c.wp.receiveEmbedMessage);else if(c.wp.receiveEmbedMessage=function(e){var t=e.data;if(!t);else if(!(t.secret||t.message||t.value));else if(\/[^a-zA-Z0-9]\/.test(t.secret));else{for(var r,s,a,i=d.querySelectorAll('iframe[data-secret=\"'+t.secret+'\"]'),n=d.querySelectorAll('blockquote[data-secret=\"'+t.secret+'\"]'),o=new RegExp(\"^https?:$\",\"i\"),l=0;l<n.length;l++)n[l].style.display=\"none\";for(l=0;l<i.length;l++)if(r=i[l],e.source!==r.contentWindow);else{if(r.removeAttribute(\"style\"),\"height\"===t.message){if(1e3<(s=parseInt(t.value,10)))s=1e3;else if(~~s<200)s=200;r.height=s}if(\"link\"===t.message)if(s=d.createElement(\"a\"),a=d.createElement(\"a\"),s.href=r.getAttribute(\"src\"),a.href=t.value,!o.test(a.protocol));else if(a.host===s.host)if(d.activeElement===r)c.top.location.href=t.value}}},e)c.addEventListener(\"message\",c.wp.receiveEmbedMessage,!1),d.addEventListener(\"DOMContentLoaded\",t,!1),c.addEventListener(\"load\",t,!1);function t(){if(o);else{o=!0;for(var e,t,r,s=-1!==navigator.appVersion.indexOf(\"MSIE 10\"),a=!!navigator.userAgent.match(\/Trident.*rv:11\\.\/),i=d.querySelectorAll(\"iframe.wp-embedded-content\"),n=0;n<i.length;n++){if(!(r=(t=i[n]).getAttribute(\"data-secret\")))r=Math.random().toString(36).substr(2,10),t.src+=\"#?secret=\"+r,t.setAttribute(\"data-secret\",r);if(s||a)(e=t.cloneNode(!0)).removeAttribute(\"security\"),t.parentNode.replaceChild(e,t);t.contentWindow.postMessage({message:\"ready\",secret:r},\"*\")}}}}(window,document);\n<\/script>\n","description":"Im Sommer tr\u00e4umt wohl jeder von unbeschwerten Sommertagen, die viel Sonne mit sich bringen und den Sommer zu dem machen, was einen echten Sommer ausmacht. In den letzten Jahren lie\u00df unser Sommer doch eher zu w\u00fcnschen \u00fcbrig.  Doch selbst wenn es nicht so sch\u00f6n ist, hat man selbst die M\u00f6glichkeit, durch eine sommerliche Deko Sommerlaune aufkommen zu lassen, auch der eine oder andere Abend mit Freunden verspricht etwas Urlaubsfeeling.   Gerade leuchtende Farben verspr\u00fchen immer wieder gute Laune, in den eigenen vier W\u00e4nden oder im Garten.  Die sommerliche Deko im Garten kann in Form von Blument\u00f6pfen und Blumen geschaffen werden. Blument\u00f6pfe mit wundersch\u00f6nen Sommerblumen versch\u00f6nern so den Au\u00dfenbereich und bringen gleichzeitig Farbe in den Garten. Die Gartenm\u00f6bel erhalten ebenfalls einen erfrischenden Touch, wenn sie mit farbenfrohen Polstern best\u00fcckt werden, zum einen bequem, zum anderen mit sch\u00f6nem Effekt."}

Sommerliche Deko für drinnen und draußen - Tafeldeko

<blockquote class="wp-embedded-content" data-secret="H7xSk32Ote"><a href="https://www.tafeldeko.de/news/sommerliche-deko-fuer-drinnen-und-draussen/">Sommerliche Deko für drinnen und draußen</a></blockquote><iframe sandbox="allow-scripts" security="restricted" src="https://www.tafeldeko.de/news/sommerliche-deko-fuer-drinnen-und-draussen/embed/#?secret=H7xSk32Ote" width="600" height="338" title="&#8222;Sommerliche Deko für drinnen und draußen&#8220; &#8212; Tafeldeko" data-secret="H7xSk32Ote" frameborder="0" marginwidth="0" marginheight="0" scrolling="no" class="wp-embedded-content"></iframe><script>
/*! This file is auto-generated */
!function(c,d){"use strict";var e=!1,o=!1;if(d.querySelector)if(c.addEventListener)e=!0;if(c.wp=c.wp||{},c.wp.receiveEmbedMessage);else if(c.wp.receiveEmbedMessage=function(e){var t=e.data;if(!t);else if(!(t.secret||t.message||t.value));else if(/[^a-zA-Z0-9]/.test(t.secret));else{for(var r,s,a,i=d.querySelectorAll('iframe[data-secret="'+t.secret+'"]'),n=d.querySelectorAll('blockquote[data-secret="'+t.secret+'"]'),o=new RegExp("^https?:$","i"),l=0;l<n.length;l++)n[l].style.display="none";for(l=0;l<i.length;l++)if(r=i[l],e.source!==r.contentWindow);else{if(r.removeAttribute("style"),"height"===t.message){if(1e3<(s=parseInt(t.value,10)))s=1e3;else if(~~s<200)s=200;r.height=s}if("link"===t.message)if(s=d.createElement("a"),a=d.createElement("a"),s.href=r.getAttribute("src"),a.href=t.value,!o.test(a.protocol));else if(a.host===s.host)if(d.activeElement===r)c.top.location.href=t.value}}},e)c.addEventListener("message",c.wp.receiveEmbedMessage,!1),d.addEventListener("DOMContentLoaded",t,!1),c.addEventListener("load",t,!1);function t(){if(o);else{o=!0;for(var e,t,r,s=-1!==navigator.appVersion.indexOf("MSIE 10"),a=!!navigator.userAgent.match(/Trident.*rv:11\./),i=d.querySelectorAll("iframe.wp-embedded-content"),n=0;n<i.length;n++){if(!(r=(t=i[n]).getAttribute("data-secret")))r=Math.random().toString(36).substr(2,10),t.src+="#?secret="+r,t.setAttribute("data-secret",r);if(s||a)(e=t.cloneNode(!0)).removeAttribute("security"),t.parentNode.replaceChild(e,t);t.contentWindow.postMessage({message:"ready",secret:r},"*")}}}}(window,document);
</script>

Im Sommer träumt wohl jeder von unbeschwerten Sommertagen, die viel Sonne mit sich bringen und den Sommer zu dem machen, was einen echten Sommer ausmacht. In den letzten Jahren ließ unser Sommer doch eher zu wünschen übrig.  Doch selbst wenn es nicht so schön ist, hat man selbst die Möglichkeit, durch eine sommerliche Deko Sommerlaune aufkommen zu lassen, auch der eine oder andere Abend mit Freunden verspricht etwas Urlaubsfeeling.   Gerade leuchtende Farben versprühen immer wieder gute Laune, in den eigenen vier Wänden oder im Garten.  Die sommerliche Deko im Garten kann in Form von Blumentöpfen und Blumen geschaffen werden. Blumentöpfe mit wunderschönen Sommerblumen verschönern so den Außenbereich und bringen gleichzeitig Farbe in den Garten. Die Gartenmöbel erhalten ebenfalls einen erfrischenden Touch, wenn sie mit farbenfrohen Polstern bestückt werden, zum einen bequem, zum anderen mit schönem Effekt.
