{"version":"1.0","provider_name":"Tafeldeko","provider_url":"https:\/\/www.tafeldeko.de\/news","author_name":"Christiane Stein","author_url":"https:\/\/www.tafeldeko.de\/news\/author\/schnurchristian\/","title":"Selbst gebastelte Herbstdeko \u2013 sch\u00f6ne Gr\u00fc\u00dfe vom Herbst - Tafeldeko","type":"rich","width":600,"height":338,"html":"<blockquote class=\"wp-embedded-content\" data-secret=\"BBTGkJF2Q3\"><a href=\"https:\/\/www.tafeldeko.de\/news\/selbst-gebastelte-herbstdeko-schoene-gruesse-vom-herbst\/\">Selbst gebastelte Herbstdeko \u2013 sch\u00f6ne Gr\u00fc\u00dfe vom Herbst<\/a><\/blockquote><iframe sandbox=\"allow-scripts\" security=\"restricted\" src=\"https:\/\/www.tafeldeko.de\/news\/selbst-gebastelte-herbstdeko-schoene-gruesse-vom-herbst\/embed\/#?secret=BBTGkJF2Q3\" width=\"600\" height=\"338\" title=\"&#8222;Selbst gebastelte Herbstdeko \u2013 sch\u00f6ne Gr\u00fc\u00dfe vom Herbst&#8220; &#8212; Tafeldeko\" data-secret=\"BBTGkJF2Q3\" frameborder=\"0\" marginwidth=\"0\" marginheight=\"0\" scrolling=\"no\" class=\"wp-embedded-content\"><\/iframe><script>\n\/*! This file is auto-generated *\/\n!function(c,d){\"use strict\";var e=!1,o=!1;if(d.querySelector)if(c.addEventListener)e=!0;if(c.wp=c.wp||{},c.wp.receiveEmbedMessage);else if(c.wp.receiveEmbedMessage=function(e){var t=e.data;if(!t);else if(!(t.secret||t.message||t.value));else if(\/[^a-zA-Z0-9]\/.test(t.secret));else{for(var r,s,a,i=d.querySelectorAll('iframe[data-secret=\"'+t.secret+'\"]'),n=d.querySelectorAll('blockquote[data-secret=\"'+t.secret+'\"]'),o=new RegExp(\"^https?:$\",\"i\"),l=0;l<n.length;l++)n[l].style.display=\"none\";for(l=0;l<i.length;l++)if(r=i[l],e.source!==r.contentWindow);else{if(r.removeAttribute(\"style\"),\"height\"===t.message){if(1e3<(s=parseInt(t.value,10)))s=1e3;else if(~~s<200)s=200;r.height=s}if(\"link\"===t.message)if(s=d.createElement(\"a\"),a=d.createElement(\"a\"),s.href=r.getAttribute(\"src\"),a.href=t.value,!o.test(a.protocol));else if(a.host===s.host)if(d.activeElement===r)c.top.location.href=t.value}}},e)c.addEventListener(\"message\",c.wp.receiveEmbedMessage,!1),d.addEventListener(\"DOMContentLoaded\",t,!1),c.addEventListener(\"load\",t,!1);function t(){if(o);else{o=!0;for(var e,t,r,s=-1!==navigator.appVersion.indexOf(\"MSIE 10\"),a=!!navigator.userAgent.match(\/Trident.*rv:11\\.\/),i=d.querySelectorAll(\"iframe.wp-embedded-content\"),n=0;n<i.length;n++){if(!(r=(t=i[n]).getAttribute(\"data-secret\")))r=Math.random().toString(36).substr(2,10),t.src+=\"#?secret=\"+r,t.setAttribute(\"data-secret\",r);if(s||a)(e=t.cloneNode(!0)).removeAttribute(\"security\"),t.parentNode.replaceChild(e,t);t.contentWindow.postMessage({message:\"ready\",secret:r},\"*\")}}}}(window,document);\n<\/script>\n","description":"Wie wir alle wissen, sind Dekorationen wundersch\u00f6ne M\u00f6glichkeiten, Akzente zu setzen. Ob man nun den Wohn- oder Eingangsbereich oder das B\u00fcro am Arbeitsplatz oder im Unternehmen mit wundersch\u00f6nen Dekorationen versch\u00f6nert, spielt keine gro\u00dfe Rolle. Denn eines ist klar: ganz gleich, wo die Deko platziert wird, sie verleiht jedem Raum, jedem M\u00f6belst\u00fcck und jedem Bereich einen ganz pers\u00f6nlichen und eigenen Stil.  Gerade im Herbst, wenn die Tage k\u00fcrzer werden, es drau\u00dfen trister und grauer ist, dann sind die Dekorationen ein Regenbogen f\u00fcr die Seele.  Wer gerne kreativ ist, kann nat\u00fcrlich die Herbstdeko selbst basteln oder gekaufte Elemente mit gebastelten Accessoires versch\u00f6nern. Vor allem bieten sich im Herbst viele M\u00f6glichkeiten, mit herbstlichen Naturmaterialien zu basteln und dekorieren.  Allein die herbstlich gef\u00e4rbten Bl\u00e4tter bieten eine sch\u00f6ne Kulisse. Beispielsweise kann ein Kranz aus herbstlichen Bl\u00e4ttern die Eingangst\u00fcr versch\u00f6nern. Daf\u00fcr sammeln Sie viele bunt gef\u00e4rbte Bl\u00e4tter und stecken diese ganz dicht auf einen Draht."}

Selbst gebastelte Herbstdeko – schöne Grüße vom Herbst - Tafeldeko

<blockquote class="wp-embedded-content" data-secret="BBTGkJF2Q3"><a href="https://www.tafeldeko.de/news/selbst-gebastelte-herbstdeko-schoene-gruesse-vom-herbst/">Selbst gebastelte Herbstdeko – schöne Grüße vom Herbst</a></blockquote><iframe sandbox="allow-scripts" security="restricted" src="https://www.tafeldeko.de/news/selbst-gebastelte-herbstdeko-schoene-gruesse-vom-herbst/embed/#?secret=BBTGkJF2Q3" width="600" height="338" title="&#8222;Selbst gebastelte Herbstdeko – schöne Grüße vom Herbst&#8220; &#8212; Tafeldeko" data-secret="BBTGkJF2Q3" frameborder="0" marginwidth="0" marginheight="0" scrolling="no" class="wp-embedded-content"></iframe><script>
/*! This file is auto-generated */
!function(c,d){"use strict";var e=!1,o=!1;if(d.querySelector)if(c.addEventListener)e=!0;if(c.wp=c.wp||{},c.wp.receiveEmbedMessage);else if(c.wp.receiveEmbedMessage=function(e){var t=e.data;if(!t);else if(!(t.secret||t.message||t.value));else if(/[^a-zA-Z0-9]/.test(t.secret));else{for(var r,s,a,i=d.querySelectorAll('iframe[data-secret="'+t.secret+'"]'),n=d.querySelectorAll('blockquote[data-secret="'+t.secret+'"]'),o=new RegExp("^https?:$","i"),l=0;l<n.length;l++)n[l].style.display="none";for(l=0;l<i.length;l++)if(r=i[l],e.source!==r.contentWindow);else{if(r.removeAttribute("style"),"height"===t.message){if(1e3<(s=parseInt(t.value,10)))s=1e3;else if(~~s<200)s=200;r.height=s}if("link"===t.message)if(s=d.createElement("a"),a=d.createElement("a"),s.href=r.getAttribute("src"),a.href=t.value,!o.test(a.protocol));else if(a.host===s.host)if(d.activeElement===r)c.top.location.href=t.value}}},e)c.addEventListener("message",c.wp.receiveEmbedMessage,!1),d.addEventListener("DOMContentLoaded",t,!1),c.addEventListener("load",t,!1);function t(){if(o);else{o=!0;for(var e,t,r,s=-1!==navigator.appVersion.indexOf("MSIE 10"),a=!!navigator.userAgent.match(/Trident.*rv:11\./),i=d.querySelectorAll("iframe.wp-embedded-content"),n=0;n<i.length;n++){if(!(r=(t=i[n]).getAttribute("data-secret")))r=Math.random().toString(36).substr(2,10),t.src+="#?secret="+r,t.setAttribute("data-secret",r);if(s||a)(e=t.cloneNode(!0)).removeAttribute("security"),t.parentNode.replaceChild(e,t);t.contentWindow.postMessage({message:"ready",secret:r},"*")}}}}(window,document);
</script>

Wie wir alle wissen, sind Dekorationen wunderschöne Möglichkeiten, Akzente zu setzen. Ob man nun den Wohn- oder Eingangsbereich oder das Büro am Arbeitsplatz oder im Unternehmen mit wunderschönen Dekorationen verschönert, spielt keine große Rolle. Denn eines ist klar: ganz gleich, wo die Deko platziert wird, sie verleiht jedem Raum, jedem Möbelstück und jedem Bereich einen ganz persönlichen und eigenen Stil.  Gerade im Herbst, wenn die Tage kürzer werden, es draußen trister und grauer ist, dann sind die Dekorationen ein Regenbogen für die Seele.  Wer gerne kreativ ist, kann natürlich die Herbstdeko selbst basteln oder gekaufte Elemente mit gebastelten Accessoires verschönern. Vor allem bieten sich im Herbst viele Möglichkeiten, mit herbstlichen Naturmaterialien zu basteln und dekorieren.  Allein die herbstlich gefärbten Blätter bieten eine schöne Kulisse. Beispielsweise kann ein Kranz aus herbstlichen Blättern die Eingangstür verschönern. Dafür sammeln Sie viele bunt gefärbte Blätter und stecken diese ganz dicht auf einen Draht.
