{"version":"1.0","provider_name":"Tafeldeko","provider_url":"https:\/\/www.tafeldeko.de\/news","author_name":"Christiane Stein","author_url":"https:\/\/www.tafeldeko.de\/news\/author\/schnurchristian\/","title":"Mit der Provence Dekoration sch\u00f6ne Akzente setzen - Tafeldeko","type":"rich","width":600,"height":338,"html":"<blockquote class=\"wp-embedded-content\" data-secret=\"5sviTc714V\"><a href=\"https:\/\/www.tafeldeko.de\/news\/mit-der-provence-dekoration-schoene-akzente-setzen\/\">Mit der Provence Dekoration sch\u00f6ne Akzente setzen<\/a><\/blockquote><iframe sandbox=\"allow-scripts\" security=\"restricted\" src=\"https:\/\/www.tafeldeko.de\/news\/mit-der-provence-dekoration-schoene-akzente-setzen\/embed\/#?secret=5sviTc714V\" width=\"600\" height=\"338\" title=\"&#8222;Mit der Provence Dekoration sch\u00f6ne Akzente setzen&#8220; &#8212; Tafeldeko\" data-secret=\"5sviTc714V\" frameborder=\"0\" marginwidth=\"0\" marginheight=\"0\" scrolling=\"no\" class=\"wp-embedded-content\"><\/iframe><script>\n\/*! This file is auto-generated *\/\n!function(c,d){\"use strict\";var e=!1,o=!1;if(d.querySelector)if(c.addEventListener)e=!0;if(c.wp=c.wp||{},c.wp.receiveEmbedMessage);else if(c.wp.receiveEmbedMessage=function(e){var t=e.data;if(!t);else if(!(t.secret||t.message||t.value));else if(\/[^a-zA-Z0-9]\/.test(t.secret));else{for(var r,s,a,i=d.querySelectorAll('iframe[data-secret=\"'+t.secret+'\"]'),n=d.querySelectorAll('blockquote[data-secret=\"'+t.secret+'\"]'),o=new RegExp(\"^https?:$\",\"i\"),l=0;l<n.length;l++)n[l].style.display=\"none\";for(l=0;l<i.length;l++)if(r=i[l],e.source!==r.contentWindow);else{if(r.removeAttribute(\"style\"),\"height\"===t.message){if(1e3<(s=parseInt(t.value,10)))s=1e3;else if(~~s<200)s=200;r.height=s}if(\"link\"===t.message)if(s=d.createElement(\"a\"),a=d.createElement(\"a\"),s.href=r.getAttribute(\"src\"),a.href=t.value,!o.test(a.protocol));else if(a.host===s.host)if(d.activeElement===r)c.top.location.href=t.value}}},e)c.addEventListener(\"message\",c.wp.receiveEmbedMessage,!1),d.addEventListener(\"DOMContentLoaded\",t,!1),c.addEventListener(\"load\",t,!1);function t(){if(o);else{o=!0;for(var e,t,r,s=-1!==navigator.appVersion.indexOf(\"MSIE 10\"),a=!!navigator.userAgent.match(\/Trident.*rv:11\\.\/),i=d.querySelectorAll(\"iframe.wp-embedded-content\"),n=0;n<i.length;n++){if(!(r=(t=i[n]).getAttribute(\"data-secret\")))r=Math.random().toString(36).substr(2,10),t.src+=\"#?secret=\"+r,t.setAttribute(\"data-secret\",r);if(s||a)(e=t.cloneNode(!0)).removeAttribute(\"security\"),t.parentNode.replaceChild(e,t);t.contentWindow.postMessage({message:\"ready\",secret:r},\"*\")}}}}(window,document);\n<\/script>\n","description":"Die Provence \u2013 sie hat tausend Gesichter und ist so vielschichtig, so dass sie immer wieder eine gro\u00dfe Anziehungskraft auf Urlauber hat. Die Provence ist sozusagen der Inbegriff f\u00fcr mediterrane Lebenstr\u00e4ume und steht f\u00fcr Genie\u00dfen, Inspiration, Mu\u00dfe und vieles mehr. Nicht umsonst wurde die Provence bei ihrer Entdeckung von den R\u00f6mern als die \u201eerste Provinz au\u00dferhalb von Italien\u201c bezeichnet. Sozusagen als die \u201ezweite Toskana\u201c l\u00e4dt die Provence mit Weinreben und Olivenb\u00e4umen, Lavendel, Melonen und Kirschen und Mandeln zu einem gen\u00fcsslichen Exkurs ein. Und mitunter aus diesem Grund lieben viele unter uns die Deko im Stile der Provence. Verspielt, vertr\u00e4umt mit einem Hauch Romantik, in wundersch\u00f6nen Farben kreiert \u2013 so pr\u00e4sentieren sich die R\u00e4ume, die mit der Provence Dekoration ausgestattet sind. Farben der Provence sind beispielsweise gr\u00fcn, ockergelb, rot, braun, gelb und vor allen Dingen lavendelblau. Tischdecken, Tischl\u00e4ufer und andere dekorative Stoffe wirken in diesem Farben sehr sch\u00f6n und hauchen der Deko einen provenzalischen Touch ein."}

Mit der Provence Dekoration schöne Akzente setzen - Tafeldeko

<blockquote class="wp-embedded-content" data-secret="5sviTc714V"><a href="https://www.tafeldeko.de/news/mit-der-provence-dekoration-schoene-akzente-setzen/">Mit der Provence Dekoration schöne Akzente setzen</a></blockquote><iframe sandbox="allow-scripts" security="restricted" src="https://www.tafeldeko.de/news/mit-der-provence-dekoration-schoene-akzente-setzen/embed/#?secret=5sviTc714V" width="600" height="338" title="&#8222;Mit der Provence Dekoration schöne Akzente setzen&#8220; &#8212; Tafeldeko" data-secret="5sviTc714V" frameborder="0" marginwidth="0" marginheight="0" scrolling="no" class="wp-embedded-content"></iframe><script>
/*! This file is auto-generated */
!function(c,d){"use strict";var e=!1,o=!1;if(d.querySelector)if(c.addEventListener)e=!0;if(c.wp=c.wp||{},c.wp.receiveEmbedMessage);else if(c.wp.receiveEmbedMessage=function(e){var t=e.data;if(!t);else if(!(t.secret||t.message||t.value));else if(/[^a-zA-Z0-9]/.test(t.secret));else{for(var r,s,a,i=d.querySelectorAll('iframe[data-secret="'+t.secret+'"]'),n=d.querySelectorAll('blockquote[data-secret="'+t.secret+'"]'),o=new RegExp("^https?:$","i"),l=0;l<n.length;l++)n[l].style.display="none";for(l=0;l<i.length;l++)if(r=i[l],e.source!==r.contentWindow);else{if(r.removeAttribute("style"),"height"===t.message){if(1e3<(s=parseInt(t.value,10)))s=1e3;else if(~~s<200)s=200;r.height=s}if("link"===t.message)if(s=d.createElement("a"),a=d.createElement("a"),s.href=r.getAttribute("src"),a.href=t.value,!o.test(a.protocol));else if(a.host===s.host)if(d.activeElement===r)c.top.location.href=t.value}}},e)c.addEventListener("message",c.wp.receiveEmbedMessage,!1),d.addEventListener("DOMContentLoaded",t,!1),c.addEventListener("load",t,!1);function t(){if(o);else{o=!0;for(var e,t,r,s=-1!==navigator.appVersion.indexOf("MSIE 10"),a=!!navigator.userAgent.match(/Trident.*rv:11\./),i=d.querySelectorAll("iframe.wp-embedded-content"),n=0;n<i.length;n++){if(!(r=(t=i[n]).getAttribute("data-secret")))r=Math.random().toString(36).substr(2,10),t.src+="#?secret="+r,t.setAttribute("data-secret",r);if(s||a)(e=t.cloneNode(!0)).removeAttribute("security"),t.parentNode.replaceChild(e,t);t.contentWindow.postMessage({message:"ready",secret:r},"*")}}}}(window,document);
</script>

Die Provence – sie hat tausend Gesichter und ist so vielschichtig, so dass sie immer wieder eine große Anziehungskraft auf Urlauber hat. Die Provence ist sozusagen der Inbegriff für mediterrane Lebensträume und steht für Genießen, Inspiration, Muße und vieles mehr. Nicht umsonst wurde die Provence bei ihrer Entdeckung von den Römern als die „erste Provinz außerhalb von Italien“ bezeichnet. Sozusagen als die „zweite Toskana“ lädt die Provence mit Weinreben und Olivenbäumen, Lavendel, Melonen und Kirschen und Mandeln zu einem genüsslichen Exkurs ein. Und mitunter aus diesem Grund lieben viele unter uns die Deko im Stile der Provence. Verspielt, verträumt mit einem Hauch Romantik, in wunderschönen Farben kreiert – so präsentieren sich die Räume, die mit der Provence Dekoration ausgestattet sind. Farben der Provence sind beispielsweise grün, ockergelb, rot, braun, gelb und vor allen Dingen lavendelblau. Tischdecken, Tischläufer und andere dekorative Stoffe wirken in diesem Farben sehr schön und hauchen der Deko einen provenzalischen Touch ein.
