{"version":"1.0","provider_name":"Tafeldeko","provider_url":"https:\/\/www.tafeldeko.de\/news","author_name":"Christiane Stein","author_url":"https:\/\/www.tafeldeko.de\/news\/author\/schnurchristian\/","title":"Mit der Deko f\u00fcr Wohlf\u00fchl-Stimmung sorgen - Tafeldeko","type":"rich","width":600,"height":338,"html":"<blockquote class=\"wp-embedded-content\" data-secret=\"QCYlFuFRgm\"><a href=\"https:\/\/www.tafeldeko.de\/news\/mit-der-deko-fuer-wohlfuehl-stimmung-sorgen\/\">Mit der Deko f\u00fcr Wohlf\u00fchl-Stimmung sorgen<\/a><\/blockquote><iframe sandbox=\"allow-scripts\" security=\"restricted\" src=\"https:\/\/www.tafeldeko.de\/news\/mit-der-deko-fuer-wohlfuehl-stimmung-sorgen\/embed\/#?secret=QCYlFuFRgm\" width=\"600\" height=\"338\" title=\"&#8222;Mit der Deko f\u00fcr Wohlf\u00fchl-Stimmung sorgen&#8220; &#8212; Tafeldeko\" data-secret=\"QCYlFuFRgm\" frameborder=\"0\" marginwidth=\"0\" marginheight=\"0\" scrolling=\"no\" class=\"wp-embedded-content\"><\/iframe><script>\n\/*! This file is auto-generated *\/\n!function(c,d){\"use strict\";var e=!1,o=!1;if(d.querySelector)if(c.addEventListener)e=!0;if(c.wp=c.wp||{},c.wp.receiveEmbedMessage);else if(c.wp.receiveEmbedMessage=function(e){var t=e.data;if(!t);else if(!(t.secret||t.message||t.value));else if(\/[^a-zA-Z0-9]\/.test(t.secret));else{for(var r,s,a,i=d.querySelectorAll('iframe[data-secret=\"'+t.secret+'\"]'),n=d.querySelectorAll('blockquote[data-secret=\"'+t.secret+'\"]'),o=new RegExp(\"^https?:$\",\"i\"),l=0;l<n.length;l++)n[l].style.display=\"none\";for(l=0;l<i.length;l++)if(r=i[l],e.source!==r.contentWindow);else{if(r.removeAttribute(\"style\"),\"height\"===t.message){if(1e3<(s=parseInt(t.value,10)))s=1e3;else if(~~s<200)s=200;r.height=s}if(\"link\"===t.message)if(s=d.createElement(\"a\"),a=d.createElement(\"a\"),s.href=r.getAttribute(\"src\"),a.href=t.value,!o.test(a.protocol));else if(a.host===s.host)if(d.activeElement===r)c.top.location.href=t.value}}},e)c.addEventListener(\"message\",c.wp.receiveEmbedMessage,!1),d.addEventListener(\"DOMContentLoaded\",t,!1),c.addEventListener(\"load\",t,!1);function t(){if(o);else{o=!0;for(var e,t,r,s=-1!==navigator.appVersion.indexOf(\"MSIE 10\"),a=!!navigator.userAgent.match(\/Trident.*rv:11\\.\/),i=d.querySelectorAll(\"iframe.wp-embedded-content\"),n=0;n<i.length;n++){if(!(r=(t=i[n]).getAttribute(\"data-secret\")))r=Math.random().toString(36).substr(2,10),t.src+=\"#?secret=\"+r,t.setAttribute(\"data-secret\",r);if(s||a)(e=t.cloneNode(!0)).removeAttribute(\"security\"),t.parentNode.replaceChild(e,t);t.contentWindow.postMessage({message:\"ready\",secret:r},\"*\")}}}}(window,document);\n<\/script>\n","description":"Einen lieblosen Raum mag niemand vorfinden und das schon gar nicht in der eigenen Wohnung. Damit Farbe aufkommt, kann man bereits f\u00fcr einen neuen Farbanstrich sorgen und dann hei\u00dft es, weitere dekorative Accessoires finden. Dekorative Accessoires, die f\u00fcr die Deko in Frage kommen k\u00f6nnen, darf man nach Herzenslust miteinander kombinieren.  Ob man Wand-Tattoos anbringen m\u00f6chte, Vasen, Kerzen, Beleuchtungselemente oder Deko-Gestecke ins rechte Licht r\u00fcckt, ist jedem selbst \u00fcberlassen und durchaus eine gro\u00dfe Frage des Geschmackes. Die Deko sorgt f\u00fcr Gem\u00fctlichkeit, Wohlgef\u00fchl und f\u00fcr eine tolle Atmosph\u00e4re.  Keiner m\u00f6chte in einer trostlosen und lieblosen Wohnung wohnen, noch als Gast geladen sein. Deshalb sollte man die Wirkung der Deko nicht untersch\u00e4tzen und f\u00fcr eine tolle Mischung sorgen. Au\u00dferdem kann man zu einer saisonalen Dekoration greifen, die beispielsweise an Ostern oder an Weihnachten zum Einsatz kommt. Des Weiteren kann man eine Deko w\u00e4hlen, die man Tag f\u00fcr Tag in der Wohnung haben m\u00f6chte und je nach Lust und Laune immer wieder ver\u00e4ndern kann."}

Mit der Deko für Wohlfühl-Stimmung sorgen - Tafeldeko

<blockquote class="wp-embedded-content" data-secret="QCYlFuFRgm"><a href="https://www.tafeldeko.de/news/mit-der-deko-fuer-wohlfuehl-stimmung-sorgen/">Mit der Deko für Wohlfühl-Stimmung sorgen</a></blockquote><iframe sandbox="allow-scripts" security="restricted" src="https://www.tafeldeko.de/news/mit-der-deko-fuer-wohlfuehl-stimmung-sorgen/embed/#?secret=QCYlFuFRgm" width="600" height="338" title="&#8222;Mit der Deko für Wohlfühl-Stimmung sorgen&#8220; &#8212; Tafeldeko" data-secret="QCYlFuFRgm" frameborder="0" marginwidth="0" marginheight="0" scrolling="no" class="wp-embedded-content"></iframe><script>
/*! This file is auto-generated */
!function(c,d){"use strict";var e=!1,o=!1;if(d.querySelector)if(c.addEventListener)e=!0;if(c.wp=c.wp||{},c.wp.receiveEmbedMessage);else if(c.wp.receiveEmbedMessage=function(e){var t=e.data;if(!t);else if(!(t.secret||t.message||t.value));else if(/[^a-zA-Z0-9]/.test(t.secret));else{for(var r,s,a,i=d.querySelectorAll('iframe[data-secret="'+t.secret+'"]'),n=d.querySelectorAll('blockquote[data-secret="'+t.secret+'"]'),o=new RegExp("^https?:$","i"),l=0;l<n.length;l++)n[l].style.display="none";for(l=0;l<i.length;l++)if(r=i[l],e.source!==r.contentWindow);else{if(r.removeAttribute("style"),"height"===t.message){if(1e3<(s=parseInt(t.value,10)))s=1e3;else if(~~s<200)s=200;r.height=s}if("link"===t.message)if(s=d.createElement("a"),a=d.createElement("a"),s.href=r.getAttribute("src"),a.href=t.value,!o.test(a.protocol));else if(a.host===s.host)if(d.activeElement===r)c.top.location.href=t.value}}},e)c.addEventListener("message",c.wp.receiveEmbedMessage,!1),d.addEventListener("DOMContentLoaded",t,!1),c.addEventListener("load",t,!1);function t(){if(o);else{o=!0;for(var e,t,r,s=-1!==navigator.appVersion.indexOf("MSIE 10"),a=!!navigator.userAgent.match(/Trident.*rv:11\./),i=d.querySelectorAll("iframe.wp-embedded-content"),n=0;n<i.length;n++){if(!(r=(t=i[n]).getAttribute("data-secret")))r=Math.random().toString(36).substr(2,10),t.src+="#?secret="+r,t.setAttribute("data-secret",r);if(s||a)(e=t.cloneNode(!0)).removeAttribute("security"),t.parentNode.replaceChild(e,t);t.contentWindow.postMessage({message:"ready",secret:r},"*")}}}}(window,document);
</script>

Einen lieblosen Raum mag niemand vorfinden und das schon gar nicht in der eigenen Wohnung. Damit Farbe aufkommt, kann man bereits für einen neuen Farbanstrich sorgen und dann heißt es, weitere dekorative Accessoires finden. Dekorative Accessoires, die für die Deko in Frage kommen können, darf man nach Herzenslust miteinander kombinieren.  Ob man Wand-Tattoos anbringen möchte, Vasen, Kerzen, Beleuchtungselemente oder Deko-Gestecke ins rechte Licht rückt, ist jedem selbst überlassen und durchaus eine große Frage des Geschmackes. Die Deko sorgt für Gemütlichkeit, Wohlgefühl und für eine tolle Atmosphäre.  Keiner möchte in einer trostlosen und lieblosen Wohnung wohnen, noch als Gast geladen sein. Deshalb sollte man die Wirkung der Deko nicht unterschätzen und für eine tolle Mischung sorgen. Außerdem kann man zu einer saisonalen Dekoration greifen, die beispielsweise an Ostern oder an Weihnachten zum Einsatz kommt. Des Weiteren kann man eine Deko wählen, die man Tag für Tag in der Wohnung haben möchte und je nach Lust und Laune immer wieder verändern kann.
