{"version":"1.0","provider_name":"Tafeldeko","provider_url":"https:\/\/www.tafeldeko.de\/news","author_name":"Christiane Stein","author_url":"https:\/\/www.tafeldeko.de\/news\/author\/schnurchristian\/","title":"Mit der Deko f\u00fcr eine tolle Atmosph\u00e4re sorgen - Tafeldeko","type":"rich","width":600,"height":338,"html":"<blockquote class=\"wp-embedded-content\" data-secret=\"Ogjvj0fIFd\"><a href=\"https:\/\/www.tafeldeko.de\/news\/mit-der-deko-fuer-eine-tolle-atmosphaere-sorgen\/\">Mit der Deko f\u00fcr eine tolle Atmosph\u00e4re sorgen<\/a><\/blockquote><iframe sandbox=\"allow-scripts\" security=\"restricted\" src=\"https:\/\/www.tafeldeko.de\/news\/mit-der-deko-fuer-eine-tolle-atmosphaere-sorgen\/embed\/#?secret=Ogjvj0fIFd\" width=\"600\" height=\"338\" title=\"&#8222;Mit der Deko f\u00fcr eine tolle Atmosph\u00e4re sorgen&#8220; &#8212; Tafeldeko\" data-secret=\"Ogjvj0fIFd\" frameborder=\"0\" marginwidth=\"0\" marginheight=\"0\" scrolling=\"no\" class=\"wp-embedded-content\"><\/iframe><script>\n\/*! This file is auto-generated *\/\n!function(c,d){\"use strict\";var e=!1,o=!1;if(d.querySelector)if(c.addEventListener)e=!0;if(c.wp=c.wp||{},c.wp.receiveEmbedMessage);else if(c.wp.receiveEmbedMessage=function(e){var t=e.data;if(!t);else if(!(t.secret||t.message||t.value));else if(\/[^a-zA-Z0-9]\/.test(t.secret));else{for(var r,s,a,i=d.querySelectorAll('iframe[data-secret=\"'+t.secret+'\"]'),n=d.querySelectorAll('blockquote[data-secret=\"'+t.secret+'\"]'),o=new RegExp(\"^https?:$\",\"i\"),l=0;l<n.length;l++)n[l].style.display=\"none\";for(l=0;l<i.length;l++)if(r=i[l],e.source!==r.contentWindow);else{if(r.removeAttribute(\"style\"),\"height\"===t.message){if(1e3<(s=parseInt(t.value,10)))s=1e3;else if(~~s<200)s=200;r.height=s}if(\"link\"===t.message)if(s=d.createElement(\"a\"),a=d.createElement(\"a\"),s.href=r.getAttribute(\"src\"),a.href=t.value,!o.test(a.protocol));else if(a.host===s.host)if(d.activeElement===r)c.top.location.href=t.value}}},e)c.addEventListener(\"message\",c.wp.receiveEmbedMessage,!1),d.addEventListener(\"DOMContentLoaded\",t,!1),c.addEventListener(\"load\",t,!1);function t(){if(o);else{o=!0;for(var e,t,r,s=-1!==navigator.appVersion.indexOf(\"MSIE 10\"),a=!!navigator.userAgent.match(\/Trident.*rv:11\\.\/),i=d.querySelectorAll(\"iframe.wp-embedded-content\"),n=0;n<i.length;n++){if(!(r=(t=i[n]).getAttribute(\"data-secret\")))r=Math.random().toString(36).substr(2,10),t.src+=\"#?secret=\"+r,t.setAttribute(\"data-secret\",r);if(s||a)(e=t.cloneNode(!0)).removeAttribute(\"security\"),t.parentNode.replaceChild(e,t);t.contentWindow.postMessage({message:\"ready\",secret:r},\"*\")}}}}(window,document);\n<\/script>\n","description":"Dekorieren kann man das ganze Jahr \u00fcber, ob zu Ostern, im Herbst oder an Weihnachten. Auch eine ganzj\u00e4hrige Deko oder f\u00fcr einen besonderen Anlass kann in Betracht kommen. Zum Beispiel wird man am Geburtstag oder an der Hochzeit zu einer sch\u00f6nen Dekoration greifen, damit sich die G\u00e4ste auch wohlf\u00fchlen. M\u00f6chte man eine tolle Deko zu Ostern im Eigenheim sorgen, kann man ein einzigartiges Ergebnis erzielen. Mit dem richtigen Feingef\u00fchl, kreativen Ideen und Mut, kann man eine einzigartige Deko zaubern.  Wer Ideen ben\u00f6tigt, kann im Internet tolle Beispiele finden, die man mit wenigen Hangriffen zu Hause umsetzen kann. Ob es die Deko zu Ostern oder die Deko f\u00fcr Fasching ist, wichtig ist, dass man dekorative Utensilien w\u00e4hlt, die zum einen zum \u201eMotto\u201c passen und zum anderen miteinander harmonieren.  Man sollte darauf achten, dass man Dinge w\u00e4hlt, die zueinander passen und ein stimmiges Gesamtbild ergeben. Von einem lustigen Farbenspiel sollte man Abstand nehmen, denn solch eine Dekoration m\u00f6chte keiner auf dem Tisch haben bzw. in der Wohnung vorfinden."}

Mit der Deko für eine tolle Atmosphäre sorgen - Tafeldeko

<blockquote class="wp-embedded-content" data-secret="Ogjvj0fIFd"><a href="https://www.tafeldeko.de/news/mit-der-deko-fuer-eine-tolle-atmosphaere-sorgen/">Mit der Deko für eine tolle Atmosphäre sorgen</a></blockquote><iframe sandbox="allow-scripts" security="restricted" src="https://www.tafeldeko.de/news/mit-der-deko-fuer-eine-tolle-atmosphaere-sorgen/embed/#?secret=Ogjvj0fIFd" width="600" height="338" title="&#8222;Mit der Deko für eine tolle Atmosphäre sorgen&#8220; &#8212; Tafeldeko" data-secret="Ogjvj0fIFd" frameborder="0" marginwidth="0" marginheight="0" scrolling="no" class="wp-embedded-content"></iframe><script>
/*! This file is auto-generated */
!function(c,d){"use strict";var e=!1,o=!1;if(d.querySelector)if(c.addEventListener)e=!0;if(c.wp=c.wp||{},c.wp.receiveEmbedMessage);else if(c.wp.receiveEmbedMessage=function(e){var t=e.data;if(!t);else if(!(t.secret||t.message||t.value));else if(/[^a-zA-Z0-9]/.test(t.secret));else{for(var r,s,a,i=d.querySelectorAll('iframe[data-secret="'+t.secret+'"]'),n=d.querySelectorAll('blockquote[data-secret="'+t.secret+'"]'),o=new RegExp("^https?:$","i"),l=0;l<n.length;l++)n[l].style.display="none";for(l=0;l<i.length;l++)if(r=i[l],e.source!==r.contentWindow);else{if(r.removeAttribute("style"),"height"===t.message){if(1e3<(s=parseInt(t.value,10)))s=1e3;else if(~~s<200)s=200;r.height=s}if("link"===t.message)if(s=d.createElement("a"),a=d.createElement("a"),s.href=r.getAttribute("src"),a.href=t.value,!o.test(a.protocol));else if(a.host===s.host)if(d.activeElement===r)c.top.location.href=t.value}}},e)c.addEventListener("message",c.wp.receiveEmbedMessage,!1),d.addEventListener("DOMContentLoaded",t,!1),c.addEventListener("load",t,!1);function t(){if(o);else{o=!0;for(var e,t,r,s=-1!==navigator.appVersion.indexOf("MSIE 10"),a=!!navigator.userAgent.match(/Trident.*rv:11\./),i=d.querySelectorAll("iframe.wp-embedded-content"),n=0;n<i.length;n++){if(!(r=(t=i[n]).getAttribute("data-secret")))r=Math.random().toString(36).substr(2,10),t.src+="#?secret="+r,t.setAttribute("data-secret",r);if(s||a)(e=t.cloneNode(!0)).removeAttribute("security"),t.parentNode.replaceChild(e,t);t.contentWindow.postMessage({message:"ready",secret:r},"*")}}}}(window,document);
</script>

Dekorieren kann man das ganze Jahr über, ob zu Ostern, im Herbst oder an Weihnachten. Auch eine ganzjährige Deko oder für einen besonderen Anlass kann in Betracht kommen. Zum Beispiel wird man am Geburtstag oder an der Hochzeit zu einer schönen Dekoration greifen, damit sich die Gäste auch wohlfühlen. Möchte man eine tolle Deko zu Ostern im Eigenheim sorgen, kann man ein einzigartiges Ergebnis erzielen. Mit dem richtigen Feingefühl, kreativen Ideen und Mut, kann man eine einzigartige Deko zaubern.  Wer Ideen benötigt, kann im Internet tolle Beispiele finden, die man mit wenigen Hangriffen zu Hause umsetzen kann. Ob es die Deko zu Ostern oder die Deko für Fasching ist, wichtig ist, dass man dekorative Utensilien wählt, die zum einen zum „Motto“ passen und zum anderen miteinander harmonieren.  Man sollte darauf achten, dass man Dinge wählt, die zueinander passen und ein stimmiges Gesamtbild ergeben. Von einem lustigen Farbenspiel sollte man Abstand nehmen, denn solch eine Dekoration möchte keiner auf dem Tisch haben bzw. in der Wohnung vorfinden.
