{"version":"1.0","provider_name":"Tafeldeko","provider_url":"https:\/\/www.tafeldeko.de\/news","author_name":"Christiane Stein","author_url":"https:\/\/www.tafeldeko.de\/news\/author\/schnurchristian\/","title":"Die saisonale Dekoration macht die Wohnung sch\u00f6ner - Tafeldeko","type":"rich","width":600,"height":338,"html":"<blockquote class=\"wp-embedded-content\" data-secret=\"cs452DHajF\"><a href=\"https:\/\/www.tafeldeko.de\/news\/die-saisonale-dekoration-macht-die-wohnung-schoener\/\">Die saisonale Dekoration macht die Wohnung sch\u00f6ner<\/a><\/blockquote><iframe sandbox=\"allow-scripts\" security=\"restricted\" src=\"https:\/\/www.tafeldeko.de\/news\/die-saisonale-dekoration-macht-die-wohnung-schoener\/embed\/#?secret=cs452DHajF\" width=\"600\" height=\"338\" title=\"&#8222;Die saisonale Dekoration macht die Wohnung sch\u00f6ner&#8220; &#8212; Tafeldeko\" data-secret=\"cs452DHajF\" frameborder=\"0\" marginwidth=\"0\" marginheight=\"0\" scrolling=\"no\" class=\"wp-embedded-content\"><\/iframe><script>\n\/*! This file is auto-generated *\/\n!function(c,d){\"use strict\";var e=!1,o=!1;if(d.querySelector)if(c.addEventListener)e=!0;if(c.wp=c.wp||{},c.wp.receiveEmbedMessage);else if(c.wp.receiveEmbedMessage=function(e){var t=e.data;if(!t);else if(!(t.secret||t.message||t.value));else if(\/[^a-zA-Z0-9]\/.test(t.secret));else{for(var r,s,a,i=d.querySelectorAll('iframe[data-secret=\"'+t.secret+'\"]'),n=d.querySelectorAll('blockquote[data-secret=\"'+t.secret+'\"]'),o=new RegExp(\"^https?:$\",\"i\"),l=0;l<n.length;l++)n[l].style.display=\"none\";for(l=0;l<i.length;l++)if(r=i[l],e.source!==r.contentWindow);else{if(r.removeAttribute(\"style\"),\"height\"===t.message){if(1e3<(s=parseInt(t.value,10)))s=1e3;else if(~~s<200)s=200;r.height=s}if(\"link\"===t.message)if(s=d.createElement(\"a\"),a=d.createElement(\"a\"),s.href=r.getAttribute(\"src\"),a.href=t.value,!o.test(a.protocol));else if(a.host===s.host)if(d.activeElement===r)c.top.location.href=t.value}}},e)c.addEventListener(\"message\",c.wp.receiveEmbedMessage,!1),d.addEventListener(\"DOMContentLoaded\",t,!1),c.addEventListener(\"load\",t,!1);function t(){if(o);else{o=!0;for(var e,t,r,s=-1!==navigator.appVersion.indexOf(\"MSIE 10\"),a=!!navigator.userAgent.match(\/Trident.*rv:11\\.\/),i=d.querySelectorAll(\"iframe.wp-embedded-content\"),n=0;n<i.length;n++){if(!(r=(t=i[n]).getAttribute(\"data-secret\")))r=Math.random().toString(36).substr(2,10),t.src+=\"#?secret=\"+r,t.setAttribute(\"data-secret\",r);if(s||a)(e=t.cloneNode(!0)).removeAttribute(\"security\"),t.parentNode.replaceChild(e,t);t.contentWindow.postMessage({message:\"ready\",secret:r},\"*\")}}}}(window,document);\n<\/script>\n","description":"Wer dekorative Akzente in der Wohnung setzen m\u00f6chte, kann auf die saisonale Dekoration setzen. Dekoriert man die Wohnung der Saison entsprechend, kann man f\u00fcr Gem\u00fctlichkeit sorgen.  Die Deko hat einen weitaus gr\u00f6\u00dferen Einfluss, wie man sich glauben mag. Erst mit einer passenden und sch\u00f6nen Deko bekommt die Wohnung eine pers\u00f6nliche Note und man wird sich in seinem Paradies wohlf\u00fchlen.  Die Deko ist ein Equipment, was man nicht au\u00dfer Acht lassen sollte und kann immer wieder neu gestaltet werden. Ob man die Wohnung f\u00fcr Fasching, Ostern, Sommer, Herbst, Halloween oder Weihnachten dekorieren m\u00f6chte, kann auf diverse Ideen zur\u00fcckgreifen. An Ideen wird es gewiss nicht mangeln und wer noch einige Inspirationen braucht, kann sind das Internet zu Rate ziehen."}

Die saisonale Dekoration macht die Wohnung schöner - Tafeldeko

<blockquote class="wp-embedded-content" data-secret="cs452DHajF"><a href="https://www.tafeldeko.de/news/die-saisonale-dekoration-macht-die-wohnung-schoener/">Die saisonale Dekoration macht die Wohnung schöner</a></blockquote><iframe sandbox="allow-scripts" security="restricted" src="https://www.tafeldeko.de/news/die-saisonale-dekoration-macht-die-wohnung-schoener/embed/#?secret=cs452DHajF" width="600" height="338" title="&#8222;Die saisonale Dekoration macht die Wohnung schöner&#8220; &#8212; Tafeldeko" data-secret="cs452DHajF" frameborder="0" marginwidth="0" marginheight="0" scrolling="no" class="wp-embedded-content"></iframe><script>
/*! This file is auto-generated */
!function(c,d){"use strict";var e=!1,o=!1;if(d.querySelector)if(c.addEventListener)e=!0;if(c.wp=c.wp||{},c.wp.receiveEmbedMessage);else if(c.wp.receiveEmbedMessage=function(e){var t=e.data;if(!t);else if(!(t.secret||t.message||t.value));else if(/[^a-zA-Z0-9]/.test(t.secret));else{for(var r,s,a,i=d.querySelectorAll('iframe[data-secret="'+t.secret+'"]'),n=d.querySelectorAll('blockquote[data-secret="'+t.secret+'"]'),o=new RegExp("^https?:$","i"),l=0;l<n.length;l++)n[l].style.display="none";for(l=0;l<i.length;l++)if(r=i[l],e.source!==r.contentWindow);else{if(r.removeAttribute("style"),"height"===t.message){if(1e3<(s=parseInt(t.value,10)))s=1e3;else if(~~s<200)s=200;r.height=s}if("link"===t.message)if(s=d.createElement("a"),a=d.createElement("a"),s.href=r.getAttribute("src"),a.href=t.value,!o.test(a.protocol));else if(a.host===s.host)if(d.activeElement===r)c.top.location.href=t.value}}},e)c.addEventListener("message",c.wp.receiveEmbedMessage,!1),d.addEventListener("DOMContentLoaded",t,!1),c.addEventListener("load",t,!1);function t(){if(o);else{o=!0;for(var e,t,r,s=-1!==navigator.appVersion.indexOf("MSIE 10"),a=!!navigator.userAgent.match(/Trident.*rv:11\./),i=d.querySelectorAll("iframe.wp-embedded-content"),n=0;n<i.length;n++){if(!(r=(t=i[n]).getAttribute("data-secret")))r=Math.random().toString(36).substr(2,10),t.src+="#?secret="+r,t.setAttribute("data-secret",r);if(s||a)(e=t.cloneNode(!0)).removeAttribute("security"),t.parentNode.replaceChild(e,t);t.contentWindow.postMessage({message:"ready",secret:r},"*")}}}}(window,document);
</script>

Wer dekorative Akzente in der Wohnung setzen möchte, kann auf die saisonale Dekoration setzen. Dekoriert man die Wohnung der Saison entsprechend, kann man für Gemütlichkeit sorgen.  Die Deko hat einen weitaus größeren Einfluss, wie man sich glauben mag. Erst mit einer passenden und schönen Deko bekommt die Wohnung eine persönliche Note und man wird sich in seinem Paradies wohlfühlen.  Die Deko ist ein Equipment, was man nicht außer Acht lassen sollte und kann immer wieder neu gestaltet werden. Ob man die Wohnung für Fasching, Ostern, Sommer, Herbst, Halloween oder Weihnachten dekorieren möchte, kann auf diverse Ideen zurückgreifen. An Ideen wird es gewiss nicht mangeln und wer noch einige Inspirationen braucht, kann sind das Internet zu Rate ziehen.
