{"version":"1.0","provider_name":"Tafeldeko","provider_url":"https:\/\/www.tafeldeko.de\/news","author_name":"Christiane Stein","author_url":"https:\/\/www.tafeldeko.de\/news\/author\/schnurchristian\/","title":"Die passende Deko f\u00fcr den Polterabend im Freien - Tafeldeko","type":"rich","width":600,"height":338,"html":"<blockquote class=\"wp-embedded-content\" data-secret=\"jiWTKE6HVQ\"><a href=\"https:\/\/www.tafeldeko.de\/news\/die-passende-deko-fuer-den-polterabend-im-freien\/\">Die passende Deko f\u00fcr den Polterabend im Freien<\/a><\/blockquote><iframe sandbox=\"allow-scripts\" security=\"restricted\" src=\"https:\/\/www.tafeldeko.de\/news\/die-passende-deko-fuer-den-polterabend-im-freien\/embed\/#?secret=jiWTKE6HVQ\" width=\"600\" height=\"338\" title=\"&#8222;Die passende Deko f\u00fcr den Polterabend im Freien&#8220; &#8212; Tafeldeko\" data-secret=\"jiWTKE6HVQ\" frameborder=\"0\" marginwidth=\"0\" marginheight=\"0\" scrolling=\"no\" class=\"wp-embedded-content\"><\/iframe><script>\n\/*! This file is auto-generated *\/\n!function(c,d){\"use strict\";var e=!1,o=!1;if(d.querySelector)if(c.addEventListener)e=!0;if(c.wp=c.wp||{},c.wp.receiveEmbedMessage);else if(c.wp.receiveEmbedMessage=function(e){var t=e.data;if(!t);else if(!(t.secret||t.message||t.value));else if(\/[^a-zA-Z0-9]\/.test(t.secret));else{for(var r,s,a,i=d.querySelectorAll('iframe[data-secret=\"'+t.secret+'\"]'),n=d.querySelectorAll('blockquote[data-secret=\"'+t.secret+'\"]'),o=new RegExp(\"^https?:$\",\"i\"),l=0;l<n.length;l++)n[l].style.display=\"none\";for(l=0;l<i.length;l++)if(r=i[l],e.source!==r.contentWindow);else{if(r.removeAttribute(\"style\"),\"height\"===t.message){if(1e3<(s=parseInt(t.value,10)))s=1e3;else if(~~s<200)s=200;r.height=s}if(\"link\"===t.message)if(s=d.createElement(\"a\"),a=d.createElement(\"a\"),s.href=r.getAttribute(\"src\"),a.href=t.value,!o.test(a.protocol));else if(a.host===s.host)if(d.activeElement===r)c.top.location.href=t.value}}},e)c.addEventListener(\"message\",c.wp.receiveEmbedMessage,!1),d.addEventListener(\"DOMContentLoaded\",t,!1),c.addEventListener(\"load\",t,!1);function t(){if(o);else{o=!0;for(var e,t,r,s=-1!==navigator.appVersion.indexOf(\"MSIE 10\"),a=!!navigator.userAgent.match(\/Trident.*rv:11\\.\/),i=d.querySelectorAll(\"iframe.wp-embedded-content\"),n=0;n<i.length;n++){if(!(r=(t=i[n]).getAttribute(\"data-secret\")))r=Math.random().toString(36).substr(2,10),t.src+=\"#?secret=\"+r,t.setAttribute(\"data-secret\",r);if(s||a)(e=t.cloneNode(!0)).removeAttribute(\"security\"),t.parentNode.replaceChild(e,t);t.contentWindow.postMessage({message:\"ready\",secret:r},\"*\")}}}}(window,document);\n<\/script>\n","description":"Gute Musik und eine kulinarische Verpflegung der G\u00e4ste zeichnen eine gute Party aus. Ebenso bedeutend ist die Deko. Ihr sollte viel Aufmerksamkeit geschenkt werden. Eine gelungene Dekoration sorgt f\u00fcr ein besonderes Ambiente und tr\u00e4gt schlie\u00dflich dazu bei, dass sich sowohl die G\u00e4ste als auch der Gastgeber wohl f\u00fchlen. Jeder kann dabei seinen eigenen Vorstellungen und Inspirationen freien Lauf lassen.  Das gilt vor allem f\u00fcr einen am\u00fcsanten Polterabend. Soll dieser beispielsweise unter freiem Himmel stattfinden, sind Fackeln und Windkerzen ein absolutes Muss. Besonders interessant wird der Polterabend, wenn er unter ein bestimmtes Motto gesetzt wird.  So kann der Schauplatz etwa in eine mit Bl\u00fcten, Muscheln und Sand dekorierte mediterrane Welt verwandelt werden. Freunde und sp\u00e4tere Trauzeugen k\u00f6nnen in die individuelle Vorbereitung einbezogen werden und dar\u00fcber hinaus bei der Ideenfindung helfen."}

Die passende Deko für den Polterabend im Freien - Tafeldeko

<blockquote class="wp-embedded-content" data-secret="jiWTKE6HVQ"><a href="https://www.tafeldeko.de/news/die-passende-deko-fuer-den-polterabend-im-freien/">Die passende Deko für den Polterabend im Freien</a></blockquote><iframe sandbox="allow-scripts" security="restricted" src="https://www.tafeldeko.de/news/die-passende-deko-fuer-den-polterabend-im-freien/embed/#?secret=jiWTKE6HVQ" width="600" height="338" title="&#8222;Die passende Deko für den Polterabend im Freien&#8220; &#8212; Tafeldeko" data-secret="jiWTKE6HVQ" frameborder="0" marginwidth="0" marginheight="0" scrolling="no" class="wp-embedded-content"></iframe><script>
/*! This file is auto-generated */
!function(c,d){"use strict";var e=!1,o=!1;if(d.querySelector)if(c.addEventListener)e=!0;if(c.wp=c.wp||{},c.wp.receiveEmbedMessage);else if(c.wp.receiveEmbedMessage=function(e){var t=e.data;if(!t);else if(!(t.secret||t.message||t.value));else if(/[^a-zA-Z0-9]/.test(t.secret));else{for(var r,s,a,i=d.querySelectorAll('iframe[data-secret="'+t.secret+'"]'),n=d.querySelectorAll('blockquote[data-secret="'+t.secret+'"]'),o=new RegExp("^https?:$","i"),l=0;l<n.length;l++)n[l].style.display="none";for(l=0;l<i.length;l++)if(r=i[l],e.source!==r.contentWindow);else{if(r.removeAttribute("style"),"height"===t.message){if(1e3<(s=parseInt(t.value,10)))s=1e3;else if(~~s<200)s=200;r.height=s}if("link"===t.message)if(s=d.createElement("a"),a=d.createElement("a"),s.href=r.getAttribute("src"),a.href=t.value,!o.test(a.protocol));else if(a.host===s.host)if(d.activeElement===r)c.top.location.href=t.value}}},e)c.addEventListener("message",c.wp.receiveEmbedMessage,!1),d.addEventListener("DOMContentLoaded",t,!1),c.addEventListener("load",t,!1);function t(){if(o);else{o=!0;for(var e,t,r,s=-1!==navigator.appVersion.indexOf("MSIE 10"),a=!!navigator.userAgent.match(/Trident.*rv:11\./),i=d.querySelectorAll("iframe.wp-embedded-content"),n=0;n<i.length;n++){if(!(r=(t=i[n]).getAttribute("data-secret")))r=Math.random().toString(36).substr(2,10),t.src+="#?secret="+r,t.setAttribute("data-secret",r);if(s||a)(e=t.cloneNode(!0)).removeAttribute("security"),t.parentNode.replaceChild(e,t);t.contentWindow.postMessage({message:"ready",secret:r},"*")}}}}(window,document);
</script>

Gute Musik und eine kulinarische Verpflegung der Gäste zeichnen eine gute Party aus. Ebenso bedeutend ist die Deko. Ihr sollte viel Aufmerksamkeit geschenkt werden. Eine gelungene Dekoration sorgt für ein besonderes Ambiente und trägt schließlich dazu bei, dass sich sowohl die Gäste als auch der Gastgeber wohl fühlen. Jeder kann dabei seinen eigenen Vorstellungen und Inspirationen freien Lauf lassen.  Das gilt vor allem für einen amüsanten Polterabend. Soll dieser beispielsweise unter freiem Himmel stattfinden, sind Fackeln und Windkerzen ein absolutes Muss. Besonders interessant wird der Polterabend, wenn er unter ein bestimmtes Motto gesetzt wird.  So kann der Schauplatz etwa in eine mit Blüten, Muscheln und Sand dekorierte mediterrane Welt verwandelt werden. Freunde und spätere Trauzeugen können in die individuelle Vorbereitung einbezogen werden und darüber hinaus bei der Ideenfindung helfen.
