{"version":"1.0","provider_name":"Tafeldeko","provider_url":"https:\/\/www.tafeldeko.de\/news","author_name":"Christiane Stein","author_url":"https:\/\/www.tafeldeko.de\/news\/author\/schnurchristian\/","title":"Deko im Glas mit Naturmaterialien - Tafeldeko","type":"rich","width":600,"height":338,"html":"<blockquote class=\"wp-embedded-content\" data-secret=\"vzRegAe0Kd\"><a href=\"https:\/\/www.tafeldeko.de\/news\/deko-im-glas-mit-naturmaterialien-2\/\">Deko im Glas mit Naturmaterialien<\/a><\/blockquote><iframe sandbox=\"allow-scripts\" security=\"restricted\" src=\"https:\/\/www.tafeldeko.de\/news\/deko-im-glas-mit-naturmaterialien-2\/embed\/#?secret=vzRegAe0Kd\" width=\"600\" height=\"338\" title=\"&#8222;Deko im Glas mit Naturmaterialien&#8220; &#8212; Tafeldeko\" data-secret=\"vzRegAe0Kd\" frameborder=\"0\" marginwidth=\"0\" marginheight=\"0\" scrolling=\"no\" class=\"wp-embedded-content\"><\/iframe><script>\n\/*! This file is auto-generated *\/\n!function(c,d){\"use strict\";var e=!1,o=!1;if(d.querySelector)if(c.addEventListener)e=!0;if(c.wp=c.wp||{},c.wp.receiveEmbedMessage);else if(c.wp.receiveEmbedMessage=function(e){var t=e.data;if(!t);else if(!(t.secret||t.message||t.value));else if(\/[^a-zA-Z0-9]\/.test(t.secret));else{for(var r,s,a,i=d.querySelectorAll('iframe[data-secret=\"'+t.secret+'\"]'),n=d.querySelectorAll('blockquote[data-secret=\"'+t.secret+'\"]'),o=new RegExp(\"^https?:$\",\"i\"),l=0;l<n.length;l++)n[l].style.display=\"none\";for(l=0;l<i.length;l++)if(r=i[l],e.source!==r.contentWindow);else{if(r.removeAttribute(\"style\"),\"height\"===t.message){if(1e3<(s=parseInt(t.value,10)))s=1e3;else if(~~s<200)s=200;r.height=s}if(\"link\"===t.message)if(s=d.createElement(\"a\"),a=d.createElement(\"a\"),s.href=r.getAttribute(\"src\"),a.href=t.value,!o.test(a.protocol));else if(a.host===s.host)if(d.activeElement===r)c.top.location.href=t.value}}},e)c.addEventListener(\"message\",c.wp.receiveEmbedMessage,!1),d.addEventListener(\"DOMContentLoaded\",t,!1),c.addEventListener(\"load\",t,!1);function t(){if(o);else{o=!0;for(var e,t,r,s=-1!==navigator.appVersion.indexOf(\"MSIE 10\"),a=!!navigator.userAgent.match(\/Trident.*rv:11\\.\/),i=d.querySelectorAll(\"iframe.wp-embedded-content\"),n=0;n<i.length;n++){if(!(r=(t=i[n]).getAttribute(\"data-secret\")))r=Math.random().toString(36).substr(2,10),t.src+=\"#?secret=\"+r,t.setAttribute(\"data-secret\",r);if(s||a)(e=t.cloneNode(!0)).removeAttribute(\"security\"),t.parentNode.replaceChild(e,t);t.contentWindow.postMessage({message:\"ready\",secret:r},\"*\")}}}}(window,document);\n<\/script>\n","description":"Dekorationen beleben unser Umfeld, versch\u00f6nern unsere Wohnbereiche und vermitteln ein Gef\u00fchl des Wohlf\u00fchlens und der Geborgenheit. Ein sch\u00f6n dekorierter Wohnbereich bewirkt wahre Wunder, wenn man nach einem anstrengenden Arbeitstag nach Hause in die heimische Umgebung kommt f\u00e4llt die Last des Tages von einem ab.  Die Dekovariationen sind sehr vielf\u00e4ltig, so dass f\u00fcr jeden Geschmack etwas Passendes dabei ist. Dekorationen mit Glas und Naturmaterialien, Schalen und Teller mit au\u00dfergew\u00f6hnlichen Akzenten sind nur einige der M\u00f6glichkeiten, die Deko innerhalb der Wohnung auszustatten.   Die Deko im Glas mit Naturmaterialien \u2013 sie zeigt zum Beispiel viele Gesichter. Hohe Glasvasen, bef\u00fcllt mit Fundst\u00fccken aus der Natur k\u00f6nnen M\u00f6bel, Fensterb\u00e4nke und auch Ecken im Wohnbereich zieren. Geht man mit offenen Augen durch den Wald und \u00fcber die Felder, begegnen einem viele Naturmaterialien, die eine sch\u00f6ne Deko erg\u00e4nzen k\u00f6nnen. Gerade der Herbst zeigt sich von seiner bunten Seite und beschert uns Kastanien, K\u00fcrbisse, N\u00fcsse, Hagebutten und vieles mehr."}

Dekorationen beleben unser Umfeld, verschönern unsere Wohnbereiche und vermitteln ein Gefühl des Wohlfühlens und der Geborgenheit. Ein schön dekorierter Wohnbereich bewirkt wahre Wunder, wenn man nach einem anstrengenden Arbeitstag nach Hause in die heimische Umgebung kommt fällt die Last des Tages von einem ab.  Die Dekovariationen sind sehr vielfältig, so dass für jeden Geschmack etwas Passendes dabei ist. Dekorationen mit Glas und Naturmaterialien, Schalen und Teller mit außergewöhnlichen Akzenten sind nur einige der Möglichkeiten, die Deko innerhalb der Wohnung auszustatten.   Die Deko im Glas mit Naturmaterialien – sie zeigt zum Beispiel viele Gesichter. Hohe Glasvasen, befüllt mit Fundstücken aus der Natur können Möbel, Fensterbänke und auch Ecken im Wohnbereich zieren. Geht man mit offenen Augen durch den Wald und über die Felder, begegnen einem viele Naturmaterialien, die eine schöne Deko ergänzen können. Gerade der Herbst zeigt sich von seiner bunten Seite und beschert uns Kastanien, Kürbisse, Nüsse, Hagebutten und vieles mehr.
