{"version":"1.0","provider_name":"Tafeldeko","provider_url":"https:\/\/www.tafeldeko.de\/news","author_name":"Christiane Stein","author_url":"https:\/\/www.tafeldeko.de\/news\/author\/schnurchristian\/","title":"Deko f\u00fcr den Garten - Tafeldeko","type":"rich","width":600,"height":338,"html":"<blockquote class=\"wp-embedded-content\" data-secret=\"EwkwfaZJEw\"><a href=\"https:\/\/www.tafeldeko.de\/news\/deko-fuer-den-garten\/\">Deko f\u00fcr den Garten<\/a><\/blockquote><iframe sandbox=\"allow-scripts\" security=\"restricted\" src=\"https:\/\/www.tafeldeko.de\/news\/deko-fuer-den-garten\/embed\/#?secret=EwkwfaZJEw\" width=\"600\" height=\"338\" title=\"&#8222;Deko f\u00fcr den Garten&#8220; &#8212; Tafeldeko\" data-secret=\"EwkwfaZJEw\" frameborder=\"0\" marginwidth=\"0\" marginheight=\"0\" scrolling=\"no\" class=\"wp-embedded-content\"><\/iframe><script>\n\/*! This file is auto-generated *\/\n!function(c,d){\"use strict\";var e=!1,o=!1;if(d.querySelector)if(c.addEventListener)e=!0;if(c.wp=c.wp||{},c.wp.receiveEmbedMessage);else if(c.wp.receiveEmbedMessage=function(e){var t=e.data;if(!t);else if(!(t.secret||t.message||t.value));else if(\/[^a-zA-Z0-9]\/.test(t.secret));else{for(var r,s,a,i=d.querySelectorAll('iframe[data-secret=\"'+t.secret+'\"]'),n=d.querySelectorAll('blockquote[data-secret=\"'+t.secret+'\"]'),o=new RegExp(\"^https?:$\",\"i\"),l=0;l<n.length;l++)n[l].style.display=\"none\";for(l=0;l<i.length;l++)if(r=i[l],e.source!==r.contentWindow);else{if(r.removeAttribute(\"style\"),\"height\"===t.message){if(1e3<(s=parseInt(t.value,10)))s=1e3;else if(~~s<200)s=200;r.height=s}if(\"link\"===t.message)if(s=d.createElement(\"a\"),a=d.createElement(\"a\"),s.href=r.getAttribute(\"src\"),a.href=t.value,!o.test(a.protocol));else if(a.host===s.host)if(d.activeElement===r)c.top.location.href=t.value}}},e)c.addEventListener(\"message\",c.wp.receiveEmbedMessage,!1),d.addEventListener(\"DOMContentLoaded\",t,!1),c.addEventListener(\"load\",t,!1);function t(){if(o);else{o=!0;for(var e,t,r,s=-1!==navigator.appVersion.indexOf(\"MSIE 10\"),a=!!navigator.userAgent.match(\/Trident.*rv:11\\.\/),i=d.querySelectorAll(\"iframe.wp-embedded-content\"),n=0;n<i.length;n++){if(!(r=(t=i[n]).getAttribute(\"data-secret\")))r=Math.random().toString(36).substr(2,10),t.src+=\"#?secret=\"+r,t.setAttribute(\"data-secret\",r);if(s||a)(e=t.cloneNode(!0)).removeAttribute(\"security\"),t.parentNode.replaceChild(e,t);t.contentWindow.postMessage({message:\"ready\",secret:r},\"*\")}}}}(window,document);\n<\/script>\n","description":"Die Deko f\u00fcr den Garten - ob man den Landhausstil, den japanischen Stil oder den nat\u00fcrlichen Stil favorisiert - bei der Gartengestaltung sind einem keine Grenzen gesetzt.  Man kann sich von den unterschiedlichsten Ideen inspirieren lassen und sich somit einen Traum-Garten zaubern. Hauptsache, es gef\u00e4llt einem und bringt Gem\u00fctlichkeit in den eigenen Garten. Ein Garten, der pers\u00f6nliche Akzente besitzt und das gewisse Etwas ausstrahlt, ist etwas ganz Besonderes und l\u00e4dt zu gem\u00fctlichen und gemeinsamen Stunden ein. eigenen Gr\u00fcn liebevoll zu gestalten, ist nicht nur die Deko von gro\u00dfer Bedeutung, sondern auch die Pflege ist sehr entscheidend. Um f\u00fcr einen Hingucker im Garten zu sorgen, kam man beispielsweise zu Blumen, Str\u00e4ucher und Palmen greifen oder man schafft eine tolle Atmosph\u00e4re durch einen sch\u00f6nen Grillplatz oder durch einen Teich. Da Geschm\u00e4cker bekanntlich verschieden sind, wird man auch die unterschiedlichsten G\u00e4rten vorfinden und dies ist auch gut so. Schlie\u00dflich ist der Fantasie keine Grenze gesetzt und man kann sich sozusagen \u201eaustoben.\u201c"}

Deko für den Garten - Tafeldeko

<blockquote class="wp-embedded-content" data-secret="EwkwfaZJEw"><a href="https://www.tafeldeko.de/news/deko-fuer-den-garten/">Deko für den Garten</a></blockquote><iframe sandbox="allow-scripts" security="restricted" src="https://www.tafeldeko.de/news/deko-fuer-den-garten/embed/#?secret=EwkwfaZJEw" width="600" height="338" title="&#8222;Deko für den Garten&#8220; &#8212; Tafeldeko" data-secret="EwkwfaZJEw" frameborder="0" marginwidth="0" marginheight="0" scrolling="no" class="wp-embedded-content"></iframe><script>
/*! This file is auto-generated */
!function(c,d){"use strict";var e=!1,o=!1;if(d.querySelector)if(c.addEventListener)e=!0;if(c.wp=c.wp||{},c.wp.receiveEmbedMessage);else if(c.wp.receiveEmbedMessage=function(e){var t=e.data;if(!t);else if(!(t.secret||t.message||t.value));else if(/[^a-zA-Z0-9]/.test(t.secret));else{for(var r,s,a,i=d.querySelectorAll('iframe[data-secret="'+t.secret+'"]'),n=d.querySelectorAll('blockquote[data-secret="'+t.secret+'"]'),o=new RegExp("^https?:$","i"),l=0;l<n.length;l++)n[l].style.display="none";for(l=0;l<i.length;l++)if(r=i[l],e.source!==r.contentWindow);else{if(r.removeAttribute("style"),"height"===t.message){if(1e3<(s=parseInt(t.value,10)))s=1e3;else if(~~s<200)s=200;r.height=s}if("link"===t.message)if(s=d.createElement("a"),a=d.createElement("a"),s.href=r.getAttribute("src"),a.href=t.value,!o.test(a.protocol));else if(a.host===s.host)if(d.activeElement===r)c.top.location.href=t.value}}},e)c.addEventListener("message",c.wp.receiveEmbedMessage,!1),d.addEventListener("DOMContentLoaded",t,!1),c.addEventListener("load",t,!1);function t(){if(o);else{o=!0;for(var e,t,r,s=-1!==navigator.appVersion.indexOf("MSIE 10"),a=!!navigator.userAgent.match(/Trident.*rv:11\./),i=d.querySelectorAll("iframe.wp-embedded-content"),n=0;n<i.length;n++){if(!(r=(t=i[n]).getAttribute("data-secret")))r=Math.random().toString(36).substr(2,10),t.src+="#?secret="+r,t.setAttribute("data-secret",r);if(s||a)(e=t.cloneNode(!0)).removeAttribute("security"),t.parentNode.replaceChild(e,t);t.contentWindow.postMessage({message:"ready",secret:r},"*")}}}}(window,document);
</script>

Die Deko für den Garten - ob man den Landhausstil, den japanischen Stil oder den natürlichen Stil favorisiert - bei der Gartengestaltung sind einem keine Grenzen gesetzt.  Man kann sich von den unterschiedlichsten Ideen inspirieren lassen und sich somit einen Traum-Garten zaubern. Hauptsache, es gefällt einem und bringt Gemütlichkeit in den eigenen Garten. Ein Garten, der persönliche Akzente besitzt und das gewisse Etwas ausstrahlt, ist etwas ganz Besonderes und lädt zu gemütlichen und gemeinsamen Stunden ein. eigenen Grün liebevoll zu gestalten, ist nicht nur die Deko von großer Bedeutung, sondern auch die Pflege ist sehr entscheidend. Um für einen Hingucker im Garten zu sorgen, kam man beispielsweise zu Blumen, Sträucher und Palmen greifen oder man schafft eine tolle Atmosphäre durch einen schönen Grillplatz oder durch einen Teich. Da Geschmäcker bekanntlich verschieden sind, wird man auch die unterschiedlichsten Gärten vorfinden und dies ist auch gut so. Schließlich ist der Fantasie keine Grenze gesetzt und man kann sich sozusagen „austoben.“
