{"version":"1.0","provider_name":"Tafeldeko","provider_url":"https:\/\/www.tafeldeko.de\/news","author_name":"Christiane Stein","author_url":"https:\/\/www.tafeldeko.de\/news\/author\/schnurchristian\/","title":"Blumenkastendeko im Herbst \u2013 wundersch\u00f6ner Anblick - Tafeldeko","type":"rich","width":600,"height":338,"html":"<blockquote class=\"wp-embedded-content\" data-secret=\"2sXtH8M3gH\"><a href=\"https:\/\/www.tafeldeko.de\/news\/blumenkastendeko-im-herbst-wunderschoener-anblick\/\">Blumenkastendeko im Herbst \u2013 wundersch\u00f6ner Anblick<\/a><\/blockquote><iframe sandbox=\"allow-scripts\" security=\"restricted\" src=\"https:\/\/www.tafeldeko.de\/news\/blumenkastendeko-im-herbst-wunderschoener-anblick\/embed\/#?secret=2sXtH8M3gH\" width=\"600\" height=\"338\" title=\"&#8222;Blumenkastendeko im Herbst \u2013 wundersch\u00f6ner Anblick&#8220; &#8212; Tafeldeko\" data-secret=\"2sXtH8M3gH\" frameborder=\"0\" marginwidth=\"0\" marginheight=\"0\" scrolling=\"no\" class=\"wp-embedded-content\"><\/iframe><script>\n\/*! This file is auto-generated *\/\n!function(c,d){\"use strict\";var e=!1,o=!1;if(d.querySelector)if(c.addEventListener)e=!0;if(c.wp=c.wp||{},c.wp.receiveEmbedMessage);else if(c.wp.receiveEmbedMessage=function(e){var t=e.data;if(!t);else if(!(t.secret||t.message||t.value));else if(\/[^a-zA-Z0-9]\/.test(t.secret));else{for(var r,s,a,i=d.querySelectorAll('iframe[data-secret=\"'+t.secret+'\"]'),n=d.querySelectorAll('blockquote[data-secret=\"'+t.secret+'\"]'),o=new RegExp(\"^https?:$\",\"i\"),l=0;l<n.length;l++)n[l].style.display=\"none\";for(l=0;l<i.length;l++)if(r=i[l],e.source!==r.contentWindow);else{if(r.removeAttribute(\"style\"),\"height\"===t.message){if(1e3<(s=parseInt(t.value,10)))s=1e3;else if(~~s<200)s=200;r.height=s}if(\"link\"===t.message)if(s=d.createElement(\"a\"),a=d.createElement(\"a\"),s.href=r.getAttribute(\"src\"),a.href=t.value,!o.test(a.protocol));else if(a.host===s.host)if(d.activeElement===r)c.top.location.href=t.value}}},e)c.addEventListener(\"message\",c.wp.receiveEmbedMessage,!1),d.addEventListener(\"DOMContentLoaded\",t,!1),c.addEventListener(\"load\",t,!1);function t(){if(o);else{o=!0;for(var e,t,r,s=-1!==navigator.appVersion.indexOf(\"MSIE 10\"),a=!!navigator.userAgent.match(\/Trident.*rv:11\\.\/),i=d.querySelectorAll(\"iframe.wp-embedded-content\"),n=0;n<i.length;n++){if(!(r=(t=i[n]).getAttribute(\"data-secret\")))r=Math.random().toString(36).substr(2,10),t.src+=\"#?secret=\"+r,t.setAttribute(\"data-secret\",r);if(s||a)(e=t.cloneNode(!0)).removeAttribute(\"security\"),t.parentNode.replaceChild(e,t);t.contentWindow.postMessage({message:\"ready\",secret:r},\"*\")}}}}(window,document);\n<\/script>\n","description":"Dekorationen, im Innen- und Au\u00dfenbereich sind zu jeder Jahreszeit beliebt. Zu manchen Jahreszeiten ist die Deko etwas pflegeleichter, weil sie ohne Wasser \u00fcberleben kann, w\u00e4hrend gerade in den warmen Monaten eine Blumendeko im Au\u00dfenbereich jeden Tag gegossen werden muss.  Die Blumenkastendeko im Herbst dagegen braucht keine besondere Pflege mehr. Mit ab und an wenigen Tropfen Wasser ist die herbstliche Dekoration auf der Fensterbank zufrieden, wenn sie \u00fcberhaupt Wasser ben\u00f6tigt.  Der Herbst bringt viele Deko-M\u00f6glichkeiten, die von K\u00fcrbissen \u00fcber Naturmaterialien bis hin zu herbstlichen Blumen gehen kann. Auch Arrangements und Kombinationen dieser verschiedenen Elemente birgt viele \u00dcberraschungen und macht die Fensterbank \u2013 ob innen oder au\u00dfen \u2013 zu einem Blickfang.  Wie man dekoriert, mit welchen Accessoires die Akzente gesetzt werden und welche Basis die herbstliche Deko erh\u00e4lt, ist in verschiedenen Faktoren begr\u00fcndet."}

Blumenkastendeko im Herbst – wunderschöner Anblick - Tafeldeko

<blockquote class="wp-embedded-content" data-secret="2sXtH8M3gH"><a href="https://www.tafeldeko.de/news/blumenkastendeko-im-herbst-wunderschoener-anblick/">Blumenkastendeko im Herbst – wunderschöner Anblick</a></blockquote><iframe sandbox="allow-scripts" security="restricted" src="https://www.tafeldeko.de/news/blumenkastendeko-im-herbst-wunderschoener-anblick/embed/#?secret=2sXtH8M3gH" width="600" height="338" title="&#8222;Blumenkastendeko im Herbst – wunderschöner Anblick&#8220; &#8212; Tafeldeko" data-secret="2sXtH8M3gH" frameborder="0" marginwidth="0" marginheight="0" scrolling="no" class="wp-embedded-content"></iframe><script>
/*! This file is auto-generated */
!function(c,d){"use strict";var e=!1,o=!1;if(d.querySelector)if(c.addEventListener)e=!0;if(c.wp=c.wp||{},c.wp.receiveEmbedMessage);else if(c.wp.receiveEmbedMessage=function(e){var t=e.data;if(!t);else if(!(t.secret||t.message||t.value));else if(/[^a-zA-Z0-9]/.test(t.secret));else{for(var r,s,a,i=d.querySelectorAll('iframe[data-secret="'+t.secret+'"]'),n=d.querySelectorAll('blockquote[data-secret="'+t.secret+'"]'),o=new RegExp("^https?:$","i"),l=0;l<n.length;l++)n[l].style.display="none";for(l=0;l<i.length;l++)if(r=i[l],e.source!==r.contentWindow);else{if(r.removeAttribute("style"),"height"===t.message){if(1e3<(s=parseInt(t.value,10)))s=1e3;else if(~~s<200)s=200;r.height=s}if("link"===t.message)if(s=d.createElement("a"),a=d.createElement("a"),s.href=r.getAttribute("src"),a.href=t.value,!o.test(a.protocol));else if(a.host===s.host)if(d.activeElement===r)c.top.location.href=t.value}}},e)c.addEventListener("message",c.wp.receiveEmbedMessage,!1),d.addEventListener("DOMContentLoaded",t,!1),c.addEventListener("load",t,!1);function t(){if(o);else{o=!0;for(var e,t,r,s=-1!==navigator.appVersion.indexOf("MSIE 10"),a=!!navigator.userAgent.match(/Trident.*rv:11\./),i=d.querySelectorAll("iframe.wp-embedded-content"),n=0;n<i.length;n++){if(!(r=(t=i[n]).getAttribute("data-secret")))r=Math.random().toString(36).substr(2,10),t.src+="#?secret="+r,t.setAttribute("data-secret",r);if(s||a)(e=t.cloneNode(!0)).removeAttribute("security"),t.parentNode.replaceChild(e,t);t.contentWindow.postMessage({message:"ready",secret:r},"*")}}}}(window,document);
</script>

Dekorationen, im Innen- und Außenbereich sind zu jeder Jahreszeit beliebt. Zu manchen Jahreszeiten ist die Deko etwas pflegeleichter, weil sie ohne Wasser überleben kann, während gerade in den warmen Monaten eine Blumendeko im Außenbereich jeden Tag gegossen werden muss.  Die Blumenkastendeko im Herbst dagegen braucht keine besondere Pflege mehr. Mit ab und an wenigen Tropfen Wasser ist die herbstliche Dekoration auf der Fensterbank zufrieden, wenn sie überhaupt Wasser benötigt.  Der Herbst bringt viele Deko-Möglichkeiten, die von Kürbissen über Naturmaterialien bis hin zu herbstlichen Blumen gehen kann. Auch Arrangements und Kombinationen dieser verschiedenen Elemente birgt viele Überraschungen und macht die Fensterbank – ob innen oder außen – zu einem Blickfang.  Wie man dekoriert, mit welchen Accessoires die Akzente gesetzt werden und welche Basis die herbstliche Deko erhält, ist in verschiedenen Faktoren begründet.
