{"version":"1.0","provider_name":"Tafeldeko","provider_url":"https:\/\/www.tafeldeko.de\/news","author_name":"Christiane Stein","author_url":"https:\/\/www.tafeldeko.de\/news\/author\/schnurchristian\/","title":"Baumrinde f\u00fcr die Dekoration - Tafeldeko","type":"rich","width":600,"height":338,"html":"<blockquote class=\"wp-embedded-content\" data-secret=\"Vpgea3Hl4m\"><a href=\"https:\/\/www.tafeldeko.de\/news\/baumrinde-fuer-die-dekoration\/\">Baumrinde f\u00fcr die Dekoration<\/a><\/blockquote><iframe sandbox=\"allow-scripts\" security=\"restricted\" src=\"https:\/\/www.tafeldeko.de\/news\/baumrinde-fuer-die-dekoration\/embed\/#?secret=Vpgea3Hl4m\" width=\"600\" height=\"338\" title=\"&#8222;Baumrinde f\u00fcr die Dekoration&#8220; &#8212; Tafeldeko\" data-secret=\"Vpgea3Hl4m\" frameborder=\"0\" marginwidth=\"0\" marginheight=\"0\" scrolling=\"no\" class=\"wp-embedded-content\"><\/iframe><script>\n\/*! This file is auto-generated *\/\n!function(c,d){\"use strict\";var e=!1,o=!1;if(d.querySelector)if(c.addEventListener)e=!0;if(c.wp=c.wp||{},c.wp.receiveEmbedMessage);else if(c.wp.receiveEmbedMessage=function(e){var t=e.data;if(!t);else if(!(t.secret||t.message||t.value));else if(\/[^a-zA-Z0-9]\/.test(t.secret));else{for(var r,s,a,i=d.querySelectorAll('iframe[data-secret=\"'+t.secret+'\"]'),n=d.querySelectorAll('blockquote[data-secret=\"'+t.secret+'\"]'),o=new RegExp(\"^https?:$\",\"i\"),l=0;l<n.length;l++)n[l].style.display=\"none\";for(l=0;l<i.length;l++)if(r=i[l],e.source!==r.contentWindow);else{if(r.removeAttribute(\"style\"),\"height\"===t.message){if(1e3<(s=parseInt(t.value,10)))s=1e3;else if(~~s<200)s=200;r.height=s}if(\"link\"===t.message)if(s=d.createElement(\"a\"),a=d.createElement(\"a\"),s.href=r.getAttribute(\"src\"),a.href=t.value,!o.test(a.protocol));else if(a.host===s.host)if(d.activeElement===r)c.top.location.href=t.value}}},e)c.addEventListener(\"message\",c.wp.receiveEmbedMessage,!1),d.addEventListener(\"DOMContentLoaded\",t,!1),c.addEventListener(\"load\",t,!1);function t(){if(o);else{o=!0;for(var e,t,r,s=-1!==navigator.appVersion.indexOf(\"MSIE 10\"),a=!!navigator.userAgent.match(\/Trident.*rv:11\\.\/),i=d.querySelectorAll(\"iframe.wp-embedded-content\"),n=0;n<i.length;n++){if(!(r=(t=i[n]).getAttribute(\"data-secret\")))r=Math.random().toString(36).substr(2,10),t.src+=\"#?secret=\"+r,t.setAttribute(\"data-secret\",r);if(s||a)(e=t.cloneNode(!0)).removeAttribute(\"security\"),t.parentNode.replaceChild(e,t);t.contentWindow.postMessage({message:\"ready\",secret:r},\"*\")}}}}(window,document);\n<\/script>\n","description":"Naturmaterialien stehen bei den Dekorationen \u2013 ganz gleich welcher Art \u2013 hoch im Kurs. Es sieht auch sch\u00f6n aus, wenn man diverse Naturmaterialien innerhalb der Deko in der Wohnung integriert, es sieht gleich wohnlicher aus. Eine Dekoration, die mit Naturmaterialien ausgestattet ist, entweder nur mit einzelnen Accessoires oder auch komplett, besticht durch ihre Einzigartigkeit.  Schaut man sich die Dekomaterialien an, die uns die Natur bietet, stellt man fest, dass kein Accessoires dem anderen gleicht und das ist mitunter das Sch\u00f6ne an den Dekorationen mit Naturmaterialien. Vor allen Dingen hat man auch viele Deko-M\u00f6glichkeiten und das nicht nur saisonal bezogen.  Denkt man an Weihnachten, f\u00e4llt einem der Adventskranz ein, der aus Naturmaterialien besteht und immer wieder wundersch\u00f6ne Akzente in der vorweihnachtlichen Deko setzt.  Doch nicht nur Tannen, Eiben, Thujas und andere Gew\u00e4chse bieten uns mit ihren Gew\u00e4chsen sch\u00f6ne Deko-Accessoires, sondern generell auch B\u00e4ume."}

Baumrinde für die Dekoration - Tafeldeko

<blockquote class="wp-embedded-content" data-secret="Vpgea3Hl4m"><a href="https://www.tafeldeko.de/news/baumrinde-fuer-die-dekoration/">Baumrinde für die Dekoration</a></blockquote><iframe sandbox="allow-scripts" security="restricted" src="https://www.tafeldeko.de/news/baumrinde-fuer-die-dekoration/embed/#?secret=Vpgea3Hl4m" width="600" height="338" title="&#8222;Baumrinde für die Dekoration&#8220; &#8212; Tafeldeko" data-secret="Vpgea3Hl4m" frameborder="0" marginwidth="0" marginheight="0" scrolling="no" class="wp-embedded-content"></iframe><script>
/*! This file is auto-generated */
!function(c,d){"use strict";var e=!1,o=!1;if(d.querySelector)if(c.addEventListener)e=!0;if(c.wp=c.wp||{},c.wp.receiveEmbedMessage);else if(c.wp.receiveEmbedMessage=function(e){var t=e.data;if(!t);else if(!(t.secret||t.message||t.value));else if(/[^a-zA-Z0-9]/.test(t.secret));else{for(var r,s,a,i=d.querySelectorAll('iframe[data-secret="'+t.secret+'"]'),n=d.querySelectorAll('blockquote[data-secret="'+t.secret+'"]'),o=new RegExp("^https?:$","i"),l=0;l<n.length;l++)n[l].style.display="none";for(l=0;l<i.length;l++)if(r=i[l],e.source!==r.contentWindow);else{if(r.removeAttribute("style"),"height"===t.message){if(1e3<(s=parseInt(t.value,10)))s=1e3;else if(~~s<200)s=200;r.height=s}if("link"===t.message)if(s=d.createElement("a"),a=d.createElement("a"),s.href=r.getAttribute("src"),a.href=t.value,!o.test(a.protocol));else if(a.host===s.host)if(d.activeElement===r)c.top.location.href=t.value}}},e)c.addEventListener("message",c.wp.receiveEmbedMessage,!1),d.addEventListener("DOMContentLoaded",t,!1),c.addEventListener("load",t,!1);function t(){if(o);else{o=!0;for(var e,t,r,s=-1!==navigator.appVersion.indexOf("MSIE 10"),a=!!navigator.userAgent.match(/Trident.*rv:11\./),i=d.querySelectorAll("iframe.wp-embedded-content"),n=0;n<i.length;n++){if(!(r=(t=i[n]).getAttribute("data-secret")))r=Math.random().toString(36).substr(2,10),t.src+="#?secret="+r,t.setAttribute("data-secret",r);if(s||a)(e=t.cloneNode(!0)).removeAttribute("security"),t.parentNode.replaceChild(e,t);t.contentWindow.postMessage({message:"ready",secret:r},"*")}}}}(window,document);
</script>

Naturmaterialien stehen bei den Dekorationen – ganz gleich welcher Art – hoch im Kurs. Es sieht auch schön aus, wenn man diverse Naturmaterialien innerhalb der Deko in der Wohnung integriert, es sieht gleich wohnlicher aus. Eine Dekoration, die mit Naturmaterialien ausgestattet ist, entweder nur mit einzelnen Accessoires oder auch komplett, besticht durch ihre Einzigartigkeit.  Schaut man sich die Dekomaterialien an, die uns die Natur bietet, stellt man fest, dass kein Accessoires dem anderen gleicht und das ist mitunter das Schöne an den Dekorationen mit Naturmaterialien. Vor allen Dingen hat man auch viele Deko-Möglichkeiten und das nicht nur saisonal bezogen.  Denkt man an Weihnachten, fällt einem der Adventskranz ein, der aus Naturmaterialien besteht und immer wieder wunderschöne Akzente in der vorweihnachtlichen Deko setzt.  Doch nicht nur Tannen, Eiben, Thujas und andere Gewächse bieten uns mit ihren Gewächsen schöne Deko-Accessoires, sondern generell auch Bäume.
