{"version":"1.0","provider_name":"Tafeldeko","provider_url":"https:\/\/www.tafeldeko.de\/news","author_name":"Christiane Stein","author_url":"https:\/\/www.tafeldeko.de\/news\/author\/schnurchristian\/","title":"Au\u00dfergew\u00f6hnliche Adventskr\u00e4nze l\u00e4uten die Vorweihnachtszeit ein - Tafeldeko","type":"rich","width":600,"height":338,"html":"<blockquote class=\"wp-embedded-content\" data-secret=\"CwET5XXcgh\"><a href=\"https:\/\/www.tafeldeko.de\/news\/aussergewoehnliche-adventskraenze-laeuten-die-vorweihnachtszeit-ein\/\">Au\u00dfergew\u00f6hnliche Adventskr\u00e4nze l\u00e4uten die Vorweihnachtszeit ein<\/a><\/blockquote><iframe sandbox=\"allow-scripts\" security=\"restricted\" src=\"https:\/\/www.tafeldeko.de\/news\/aussergewoehnliche-adventskraenze-laeuten-die-vorweihnachtszeit-ein\/embed\/#?secret=CwET5XXcgh\" width=\"600\" height=\"338\" title=\"&#8222;Au\u00dfergew\u00f6hnliche Adventskr\u00e4nze l\u00e4uten die Vorweihnachtszeit ein&#8220; &#8212; Tafeldeko\" data-secret=\"CwET5XXcgh\" frameborder=\"0\" marginwidth=\"0\" marginheight=\"0\" scrolling=\"no\" class=\"wp-embedded-content\"><\/iframe><script>\n\/*! This file is auto-generated *\/\n!function(c,d){\"use strict\";var e=!1,o=!1;if(d.querySelector)if(c.addEventListener)e=!0;if(c.wp=c.wp||{},c.wp.receiveEmbedMessage);else if(c.wp.receiveEmbedMessage=function(e){var t=e.data;if(!t);else if(!(t.secret||t.message||t.value));else if(\/[^a-zA-Z0-9]\/.test(t.secret));else{for(var r,s,a,i=d.querySelectorAll('iframe[data-secret=\"'+t.secret+'\"]'),n=d.querySelectorAll('blockquote[data-secret=\"'+t.secret+'\"]'),o=new RegExp(\"^https?:$\",\"i\"),l=0;l<n.length;l++)n[l].style.display=\"none\";for(l=0;l<i.length;l++)if(r=i[l],e.source!==r.contentWindow);else{if(r.removeAttribute(\"style\"),\"height\"===t.message){if(1e3<(s=parseInt(t.value,10)))s=1e3;else if(~~s<200)s=200;r.height=s}if(\"link\"===t.message)if(s=d.createElement(\"a\"),a=d.createElement(\"a\"),s.href=r.getAttribute(\"src\"),a.href=t.value,!o.test(a.protocol));else if(a.host===s.host)if(d.activeElement===r)c.top.location.href=t.value}}},e)c.addEventListener(\"message\",c.wp.receiveEmbedMessage,!1),d.addEventListener(\"DOMContentLoaded\",t,!1),c.addEventListener(\"load\",t,!1);function t(){if(o);else{o=!0;for(var e,t,r,s=-1!==navigator.appVersion.indexOf(\"MSIE 10\"),a=!!navigator.userAgent.match(\/Trident.*rv:11\\.\/),i=d.querySelectorAll(\"iframe.wp-embedded-content\"),n=0;n<i.length;n++){if(!(r=(t=i[n]).getAttribute(\"data-secret\")))r=Math.random().toString(36).substr(2,10),t.src+=\"#?secret=\"+r,t.setAttribute(\"data-secret\",r);if(s||a)(e=t.cloneNode(!0)).removeAttribute(\"security\"),t.parentNode.replaceChild(e,t);t.contentWindow.postMessage({message:\"ready\",secret:r},\"*\")}}}}(window,document);\n<\/script>\n","description":"Die Weihnachtszeit und die Vorweihnachtszeit sind in aller Regel sehr gesch\u00e4ftig, jeder ist auf der Suche nach Weihnachtsgeschenken, \u00fcberlegt sich das Weihnachtsmen\u00fc mit dem die Familie \u00fcberrascht werden soll und mit welcher Deko man die G\u00e4ste in diesem Jahr beeindrucken kann. Und in welchen Farben und mit welchen Accessoires soll die diesj\u00e4hrige Weihnachtsdeko im Haus und im Vorgarten erstrahlen? Zur weihnachtlichen Deko z\u00e4hlt nat\u00fcrlich auch der Adventskranz, der mit den vier Kerzen die Adventssonntage symbolisiert. \u00dcber 150 Jahre liegt nun die Entstehung des Adventskranzes nun zur\u00fcck, entstanden, um die st\u00e4ndigen Fragen, wann denn nun endlich Weihnachten sei, zu vermeiden. Der Theologe Johann Hinrich Wichern ist der Erfinder des Adventskranzes, der urspr\u00fcnglich in Form eines Wagenrades mit insgesamt 23 Kerzen hatte. 19 Kerzen sollten die Wochentage und 4 gr\u00f6\u00dfere Kerzen die Sonntage darstellen. Jeden Tag wurde eine weitere Kerze angez\u00fcndet, so dass jeder erkennen konnte, wie lange es noch bis zum Weihnachtsfest dauert."}

Außergewöhnliche Adventskränze läuten die Vorweihnachtszeit ein - Tafeldeko

<blockquote class="wp-embedded-content" data-secret="CwET5XXcgh"><a href="https://www.tafeldeko.de/news/aussergewoehnliche-adventskraenze-laeuten-die-vorweihnachtszeit-ein/">Außergewöhnliche Adventskränze läuten die Vorweihnachtszeit ein</a></blockquote><iframe sandbox="allow-scripts" security="restricted" src="https://www.tafeldeko.de/news/aussergewoehnliche-adventskraenze-laeuten-die-vorweihnachtszeit-ein/embed/#?secret=CwET5XXcgh" width="600" height="338" title="&#8222;Außergewöhnliche Adventskränze läuten die Vorweihnachtszeit ein&#8220; &#8212; Tafeldeko" data-secret="CwET5XXcgh" frameborder="0" marginwidth="0" marginheight="0" scrolling="no" class="wp-embedded-content"></iframe><script>
/*! This file is auto-generated */
!function(c,d){"use strict";var e=!1,o=!1;if(d.querySelector)if(c.addEventListener)e=!0;if(c.wp=c.wp||{},c.wp.receiveEmbedMessage);else if(c.wp.receiveEmbedMessage=function(e){var t=e.data;if(!t);else if(!(t.secret||t.message||t.value));else if(/[^a-zA-Z0-9]/.test(t.secret));else{for(var r,s,a,i=d.querySelectorAll('iframe[data-secret="'+t.secret+'"]'),n=d.querySelectorAll('blockquote[data-secret="'+t.secret+'"]'),o=new RegExp("^https?:$","i"),l=0;l<n.length;l++)n[l].style.display="none";for(l=0;l<i.length;l++)if(r=i[l],e.source!==r.contentWindow);else{if(r.removeAttribute("style"),"height"===t.message){if(1e3<(s=parseInt(t.value,10)))s=1e3;else if(~~s<200)s=200;r.height=s}if("link"===t.message)if(s=d.createElement("a"),a=d.createElement("a"),s.href=r.getAttribute("src"),a.href=t.value,!o.test(a.protocol));else if(a.host===s.host)if(d.activeElement===r)c.top.location.href=t.value}}},e)c.addEventListener("message",c.wp.receiveEmbedMessage,!1),d.addEventListener("DOMContentLoaded",t,!1),c.addEventListener("load",t,!1);function t(){if(o);else{o=!0;for(var e,t,r,s=-1!==navigator.appVersion.indexOf("MSIE 10"),a=!!navigator.userAgent.match(/Trident.*rv:11\./),i=d.querySelectorAll("iframe.wp-embedded-content"),n=0;n<i.length;n++){if(!(r=(t=i[n]).getAttribute("data-secret")))r=Math.random().toString(36).substr(2,10),t.src+="#?secret="+r,t.setAttribute("data-secret",r);if(s||a)(e=t.cloneNode(!0)).removeAttribute("security"),t.parentNode.replaceChild(e,t);t.contentWindow.postMessage({message:"ready",secret:r},"*")}}}}(window,document);
</script>

Die Weihnachtszeit und die Vorweihnachtszeit sind in aller Regel sehr geschäftig, jeder ist auf der Suche nach Weihnachtsgeschenken, überlegt sich das Weihnachtsmenü mit dem die Familie überrascht werden soll und mit welcher Deko man die Gäste in diesem Jahr beeindrucken kann. Und in welchen Farben und mit welchen Accessoires soll die diesjährige Weihnachtsdeko im Haus und im Vorgarten erstrahlen? Zur weihnachtlichen Deko zählt natürlich auch der Adventskranz, der mit den vier Kerzen die Adventssonntage symbolisiert. Über 150 Jahre liegt nun die Entstehung des Adventskranzes nun zurück, entstanden, um die ständigen Fragen, wann denn nun endlich Weihnachten sei, zu vermeiden. Der Theologe Johann Hinrich Wichern ist der Erfinder des Adventskranzes, der ursprünglich in Form eines Wagenrades mit insgesamt 23 Kerzen hatte. 19 Kerzen sollten die Wochentage und 4 größere Kerzen die Sonntage darstellen. Jeden Tag wurde eine weitere Kerze angezündet, so dass jeder erkennen konnte, wie lange es noch bis zum Weihnachtsfest dauert.
